{"id":2191993,"date":"2020-01-22T13:36:32","date_gmt":"2020-01-22T11:36:32","guid":{"rendered":"http:\/\/setmananatura.cat\/2026\/?page_id=2191993"},"modified":"2026-04-27T16:41:55","modified_gmt":"2026-04-27T14:41:55","slug":"difusio","status":"publish","type":"page","link":"https:\/\/setmananatura.cat\/2026\/difusio\/","title":{"rendered":"Difusi\u00f3"},"content":{"rendered":"<h3><strong>Ajuda&#8217;ns a fer arribar la implicaci\u00f3 per la natura a tot arreu!\u00a0<\/strong><\/h3>\n<p>En aquesta secci\u00f3 trobar\u00e0s diferents materials per difondre la Setmana Natura a trav\u00e9s de xarxes socials o per compartir amb les teves amistats, familiars i coneguts.<\/p>\n<p><strong>PREMSA<\/strong><\/p>\n<p>&nbsp;<\/p>\n<p><strong>MATERIALS DE COMUNICACI\u00d3<\/strong><\/p>\n<p><strong>\ud83e\udc7a LOGOS<\/strong><\/p>\n<p>Logo Setmana Natura \u2013 sense dates \u2013 1024 x 458 px<\/p>\n<p><img loading=\"lazy\" decoding=\"async\" class=\"alignnone size-medium wp-image-2207086\" src=\"http:\/\/setmananatura.cat\/2026\/wp-content\/uploads\/sites\/18\/2026\/03\/2583-1024-300x119.png\" alt=\"\" width=\"300\" height=\"119\" srcset=\"https:\/\/setmananatura.cat\/2026\/wp-content\/uploads\/sites\/18\/2026\/03\/2583-1024-300x119.png 300w, https:\/\/setmananatura.cat\/2026\/wp-content\/uploads\/sites\/18\/2026\/03\/2583-1024-1024x406.png 1024w, https:\/\/setmananatura.cat\/2026\/wp-content\/uploads\/sites\/18\/2026\/03\/2583-1024-768x304.png 768w, https:\/\/setmananatura.cat\/2026\/wp-content\/uploads\/sites\/18\/2026\/03\/2583-1024-1536x609.png 1536w, https:\/\/setmananatura.cat\/2026\/wp-content\/uploads\/sites\/18\/2026\/03\/2583-1024-2048x812.png 2048w\" sizes=\"auto, (max-width: 300px) 100vw, 300px\" \/><\/p>\n<p>Logo Setmana Natura \u2013 2026 \u2013 1024 x 458 px<\/p>\n<p><img loading=\"lazy\" decoding=\"async\" class=\"alignnone size-medium wp-image-2207223\" src=\"http:\/\/setmananatura.cat\/2026\/wp-content\/uploads\/sites\/18\/2026\/03\/2663-1024-300x115.png\" alt=\"\" width=\"300\" height=\"115\" srcset=\"https:\/\/setmananatura.cat\/2026\/wp-content\/uploads\/sites\/18\/2026\/03\/2663-1024-300x115.png 300w, https:\/\/setmananatura.cat\/2026\/wp-content\/uploads\/sites\/18\/2026\/03\/2663-1024-1024x394.png 1024w, https:\/\/setmananatura.cat\/2026\/wp-content\/uploads\/sites\/18\/2026\/03\/2663-1024-768x295.png 768w, https:\/\/setmananatura.cat\/2026\/wp-content\/uploads\/sites\/18\/2026\/03\/2663-1024-1536x591.png 1536w, https:\/\/setmananatura.cat\/2026\/wp-content\/uploads\/sites\/18\/2026\/03\/2663-1024-2048x788.png 2048w\" sizes=\"auto, (max-width: 300px) 100vw, 300px\" \/><\/p>\n<p>Logo Setmana Natura 2026 simplificat &#8211; 500 x 500 px<\/p>\n<p><img loading=\"lazy\" decoding=\"async\" class=\"alignnone wp-image-2207222\" src=\"http:\/\/setmananatura.cat\/2026\/wp-content\/uploads\/sites\/18\/2026\/03\/Logo-edicio-2026-1-1-300x300.png\" alt=\"\" width=\"186\" height=\"186\" srcset=\"https:\/\/setmananatura.cat\/2026\/wp-content\/uploads\/sites\/18\/2026\/03\/Logo-edicio-2026-1-1-300x300.png 300w, https:\/\/setmananatura.cat\/2026\/wp-content\/uploads\/sites\/18\/2026\/03\/Logo-edicio-2026-1-1-150x150.png 150w, https:\/\/setmananatura.cat\/2026\/wp-content\/uploads\/sites\/18\/2026\/03\/Logo-edicio-2026-1-1-120x120.png 120w, https:\/\/setmananatura.cat\/2026\/wp-content\/uploads\/sites\/18\/2026\/03\/Logo-edicio-2026-1-1.png 500w\" sizes=\"auto, (max-width: 186px) 100vw, 186px\" \/><\/p>\n<p><strong>\ud83e\udc7a CARTELLS 2026<\/strong><\/p>\n<p><a href=\"https:\/\/oficina.xcn.cat\/s\/ZyxYgBAHDJRoLt3\">Cartell Setmana Natura 2026 &#8211; A3 (versi\u00f3 PDF imprimir)<\/a><\/p>\n<p><a href=\"https:\/\/oficina.xcn.cat\/s\/9EWBcaErTkD56aM\">Cartell Setmana Natura 2026 &#8211; A3 (versi\u00f3 PNG digital)<\/a><\/p>\n<p><img loading=\"lazy\" decoding=\"async\" class=\"alignnone wp-image-2207220\" src=\"http:\/\/setmananatura.cat\/2026\/wp-content\/uploads\/sites\/18\/2026\/03\/Cartell-Setmana-Natura-A3-2026-6-300x212.png\" alt=\"\" width=\"409\" height=\"289\" srcset=\"https:\/\/setmananatura.cat\/2026\/wp-content\/uploads\/sites\/18\/2026\/03\/Cartell-Setmana-Natura-A3-2026-6-300x212.png 300w, https:\/\/setmananatura.cat\/2026\/wp-content\/uploads\/sites\/18\/2026\/03\/Cartell-Setmana-Natura-A3-2026-6-1024x724.png 1024w, https:\/\/setmananatura.cat\/2026\/wp-content\/uploads\/sites\/18\/2026\/03\/Cartell-Setmana-Natura-A3-2026-6-768x543.png 768w, https:\/\/setmananatura.cat\/2026\/wp-content\/uploads\/sites\/18\/2026\/03\/Cartell-Setmana-Natura-A3-2026-6-1536x1086.png 1536w, https:\/\/setmananatura.cat\/2026\/wp-content\/uploads\/sites\/18\/2026\/03\/Cartell-Setmana-Natura-A3-2026-6.png 2000w\" sizes=\"auto, (max-width: 409px) 100vw, 409px\" \/><\/p>\n<p><strong>\ud83e\udc7a PLANTILLES PER ACTIVITATS 2026<\/strong><\/p>\n<p><img loading=\"lazy\" decoding=\"async\" class=\"alignnone wp-image-2207110\" src=\"http:\/\/setmananatura.cat\/2026\/wp-content\/uploads\/sites\/18\/2026\/03\/Plantilla-Compartida-SN26-1080x1080-1-240x300.png\" alt=\"\" width=\"198\" height=\"248\" srcset=\"https:\/\/setmananatura.cat\/2026\/wp-content\/uploads\/sites\/18\/2026\/03\/Plantilla-Compartida-SN26-1080x1080-1-240x300.png 240w, https:\/\/setmananatura.cat\/2026\/wp-content\/uploads\/sites\/18\/2026\/03\/Plantilla-Compartida-SN26-1080x1080-1-819x1024.png 819w, https:\/\/setmananatura.cat\/2026\/wp-content\/uploads\/sites\/18\/2026\/03\/Plantilla-Compartida-SN26-1080x1080-1-768x960.png 768w, https:\/\/setmananatura.cat\/2026\/wp-content\/uploads\/sites\/18\/2026\/03\/Plantilla-Compartida-SN26-1080x1080-1.png 1080w\" sizes=\"auto, (max-width: 198px) 100vw, 198px\" \/> <img loading=\"lazy\" decoding=\"async\" class=\"alignnone wp-image-2207111\" src=\"http:\/\/setmananatura.cat\/2026\/wp-content\/uploads\/sites\/18\/2026\/03\/Plantilla-compartida-1600x900-SN26-300x169.png\" alt=\"\" width=\"437\" height=\"246\" srcset=\"https:\/\/setmananatura.cat\/2026\/wp-content\/uploads\/sites\/18\/2026\/03\/Plantilla-compartida-1600x900-SN26-300x169.png 300w, https:\/\/setmananatura.cat\/2026\/wp-content\/uploads\/sites\/18\/2026\/03\/Plantilla-compartida-1600x900-SN26-1024x576.png 1024w, https:\/\/setmananatura.cat\/2026\/wp-content\/uploads\/sites\/18\/2026\/03\/Plantilla-compartida-1600x900-SN26-768x432.png 768w, https:\/\/setmananatura.cat\/2026\/wp-content\/uploads\/sites\/18\/2026\/03\/Plantilla-compartida-1600x900-SN26-1536x864.png 1536w, https:\/\/setmananatura.cat\/2026\/wp-content\/uploads\/sites\/18\/2026\/03\/Plantilla-compartida-1600x900-SN26.png 1600w\" sizes=\"auto, (max-width: 437px) 100vw, 437px\" \/><\/p>\n<p><u><strong>Instruccions per utilitzar les plantilles per activitats de la Setmana de la Natura<\/strong><\/u><\/p>\n<p><strong>PAS 1.<\/strong>\u00a0Seleccionar l\u2019enlla\u00e7 de la plantilla que vols fer servir.<\/p>\n<p><a href=\"https:\/\/canva.link\/fxvpwvupiv6qv4u\">Vertical: 1800\u00d71350 px<\/a><br \/>\n<a href=\"https:\/\/canva.link\/7yv52o0ayofz4xu\">Horitzontal: 1600\u00d7900 px<\/a><\/p>\n<p><strong>PAS 2.<\/strong>\u00a0En obrir l\u2019enlla\u00e7 ser\u00e0s redirigida a Canva, on haur\u00e0s d\u2019entrar al teu compte o crear-te\u2019n un per entrar. \u00c9s gratu\u00eft i en l\u00ednia, no necessites descarregar cap aplicaci\u00f3.<\/p>\n<p><strong>PAS 3.<\/strong> Un cop siguis dins el document, se&#8217;t crear\u00e0 una c\u00f2pia de la plantilla al teu perfil, per tal que ho puguis editar i descarregar directament. Assegura\u2019t quan est\u00e0s editant que el nom que apareix de l\u2019arxiu \u00e9s \u00abC\u00f2pia de Plantilla activitat\u2026\u00bb.<\/p>\n<p><strong>PAS 4.\u00a0<\/strong>Per descarregar el disseny, vas a \u00abComparteix\u00bb \u2192 \u00abDescarrega\u00bb \u2192 Selecciones \u00abTipus de fitxer\u00bb \u2192 i \u00abDescarrega\u00bb.<\/p>\n<p><strong>PAS 5.<\/strong>\u00a0Ja pots compartir!<\/p>\n<p>&nbsp;<\/p>\n","protected":false},"excerpt":{"rendered":"<p>Ajuda&#8217;ns a fer arribar la implicaci\u00f3 per la natura a tot arreu!\u00a0 En aquesta secci\u00f3 trobar\u00e0s diferents materials per difondre la Setmana Natura a trav\u00e9s de xarxes socials o per compartir amb les teves amistats, familiars i coneguts. PREMSA &nbsp; MATERIALS DE COMUNICACI\u00d3 \ud83e\udc7a LOGOS Logo Setmana Natura \u2013 sense dates \u2013 1024 x 458 [&hellip;]<\/p>\n","protected":false},"author":1,"featured_media":0,"parent":0,"menu_order":10,"comment_status":"closed","ping_status":"closed","template":"page-no-sidebar.php","meta":{"footnotes":""},"class_list":["post-2191993","page","type-page","status-publish","hentry"],"aioseo_notices":[],"_links":{"self":[{"href":"https:\/\/setmananatura.cat\/2026\/wp-json\/wp\/v2\/pages\/2191993","targetHints":{"allow":["GET"]}}],"collection":[{"href":"https:\/\/setmananatura.cat\/2026\/wp-json\/wp\/v2\/pages"}],"about":[{"href":"https:\/\/setmananatura.cat\/2026\/wp-json\/wp\/v2\/types\/page"}],"author":[{"embeddable":true,"href":"https:\/\/setmananatura.cat\/2026\/wp-json\/wp\/v2\/users\/1"}],"replies":[{"embeddable":true,"href":"https:\/\/setmananatura.cat\/2026\/wp-json\/wp\/v2\/comments?post=2191993"}],"version-history":[{"count":54,"href":"https:\/\/setmananatura.cat\/2026\/wp-json\/wp\/v2\/pages\/2191993\/revisions"}],"predecessor-version":[{"id":2207959,"href":"https:\/\/setmananatura.cat\/2026\/wp-json\/wp\/v2\/pages\/2191993\/revisions\/2207959"}],"wp:attachment":[{"href":"https:\/\/setmananatura.cat\/2026\/wp-json\/wp\/v2\/media?parent=2191993"}],"curies":[{"name":"wp","href":"https:\/\/api.w.org\/{rel}","templated":true}]}}

Difusió

<h3><strong>Ajuda&#8217;ns a fer arribar la implicació per la natura a tot arreu! </strong></h3>
<p>En aquesta secció trobaràs diferents materials per difondre la Setmana Natura a través de xarxes socials o per compartir amb les teves amistats, familiars i coneguts.</p>
<p><strong>PREMSA</strong></p>
<p>&nbsp;</p>
<p><strong>MATERIALS DE COMUNICACIÓ</strong></p>
<p><strong>🡺 LOGOS</strong></p>
<p>Logo Setmana Natura – sense dates – 1024 x 458 px</p>
<p><img loading="lazy" decoding="async" class="alignnone size-medium wp-image-2207086" src="http://setmananatura.cat/2026/wp-content/uploads/sites/18/2026/03/2583-1024-300x119.png" alt="" width="300" height="119" srcset="https://setmananatura.cat/2026/wp-content/uploads/sites/18/2026/03/2583-1024-300x119.png 300w, https://setmananatura.cat/2026/wp-content/uploads/sites/18/2026/03/2583-1024-1024x406.png 1024w, https://setmananatura.cat/2026/wp-content/uploads/sites/18/2026/03/2583-1024-768x304.png 768w, https://setmananatura.cat/2026/wp-content/uploads/sites/18/2026/03/2583-1024-1536x609.png 1536w, https://setmananatura.cat/2026/wp-content/uploads/sites/18/2026/03/2583-1024-2048x812.png 2048w" sizes="auto, (max-width: 300px) 100vw, 300px" /></p>
<p>Logo Setmana Natura – 2026 – 1024 x 458 px</p>
<p><img loading="lazy" decoding="async" class="alignnone size-medium wp-image-2207223" src="http://setmananatura.cat/2026/wp-content/uploads/sites/18/2026/03/2663-1024-300x115.png" alt="" width="300" height="115" srcset="https://setmananatura.cat/2026/wp-content/uploads/sites/18/2026/03/2663-1024-300x115.png 300w, https://setmananatura.cat/2026/wp-content/uploads/sites/18/2026/03/2663-1024-1024x394.png 1024w, https://setmananatura.cat/2026/wp-content/uploads/sites/18/2026/03/2663-1024-768x295.png 768w, https://setmananatura.cat/2026/wp-content/uploads/sites/18/2026/03/2663-1024-1536x591.png 1536w, https://setmananatura.cat/2026/wp-content/uploads/sites/18/2026/03/2663-1024-2048x788.png 2048w" sizes="auto, (max-width: 300px) 100vw, 300px" /></p>
<p>Logo Setmana Natura 2026 simplificat &#8211; 500 x 500 px</p>
<p><img loading="lazy" decoding="async" class="alignnone wp-image-2207222" src="http://setmananatura.cat/2026/wp-content/uploads/sites/18/2026/03/Logo-edicio-2026-1-1-300x300.png" alt="" width="186" height="186" srcset="https://setmananatura.cat/2026/wp-content/uploads/sites/18/2026/03/Logo-edicio-2026-1-1-300x300.png 300w, https://setmananatura.cat/2026/wp-content/uploads/sites/18/2026/03/Logo-edicio-2026-1-1-150x150.png 150w, https://setmananatura.cat/2026/wp-content/uploads/sites/18/2026/03/Logo-edicio-2026-1-1-120x120.png 120w, https://setmananatura.cat/2026/wp-content/uploads/sites/18/2026/03/Logo-edicio-2026-1-1.png 500w" sizes="auto, (max-width: 186px) 100vw, 186px" /></p>
<p><strong>🡺 CARTELLS 2026</strong></p>
<p><a href="https://oficina.xcn.cat/s/ZyxYgBAHDJRoLt3">Cartell Setmana Natura 2026 &#8211; A3 (versió PDF imprimir)</a></p>
<p><a href="https://oficina.xcn.cat/s/9EWBcaErTkD56aM">Cartell Setmana Natura 2026 &#8211; A3 (versió PNG digital)</a></p>
<p><img loading="lazy" decoding="async" class="alignnone wp-image-2207220" src="http://setmananatura.cat/2026/wp-content/uploads/sites/18/2026/03/Cartell-Setmana-Natura-A3-2026-6-300x212.png" alt="" width="409" height="289" srcset="https://setmananatura.cat/2026/wp-content/uploads/sites/18/2026/03/Cartell-Setmana-Natura-A3-2026-6-300x212.png 300w, https://setmananatura.cat/2026/wp-content/uploads/sites/18/2026/03/Cartell-Setmana-Natura-A3-2026-6-1024x724.png 1024w, https://setmananatura.cat/2026/wp-content/uploads/sites/18/2026/03/Cartell-Setmana-Natura-A3-2026-6-768x543.png 768w, https://setmananatura.cat/2026/wp-content/uploads/sites/18/2026/03/Cartell-Setmana-Natura-A3-2026-6-1536x1086.png 1536w, https://setmananatura.cat/2026/wp-content/uploads/sites/18/2026/03/Cartell-Setmana-Natura-A3-2026-6.png 2000w" sizes="auto, (max-width: 409px) 100vw, 409px" /></p>
<p><strong>🡺 PLANTILLES PER ACTIVITATS 2026</strong></p>
<p><img loading="lazy" decoding="async" class="alignnone wp-image-2207110" src="http://setmananatura.cat/2026/wp-content/uploads/sites/18/2026/03/Plantilla-Compartida-SN26-1080x1080-1-240x300.png" alt="" width="198" height="248" srcset="https://setmananatura.cat/2026/wp-content/uploads/sites/18/2026/03/Plantilla-Compartida-SN26-1080x1080-1-240x300.png 240w, https://setmananatura.cat/2026/wp-content/uploads/sites/18/2026/03/Plantilla-Compartida-SN26-1080x1080-1-819x1024.png 819w, https://setmananatura.cat/2026/wp-content/uploads/sites/18/2026/03/Plantilla-Compartida-SN26-1080x1080-1-768x960.png 768w, https://setmananatura.cat/2026/wp-content/uploads/sites/18/2026/03/Plantilla-Compartida-SN26-1080x1080-1.png 1080w" sizes="auto, (max-width: 198px) 100vw, 198px" /> <img loading="lazy" decoding="async" class="alignnone wp-image-2207111" src="http://setmananatura.cat/2026/wp-content/uploads/sites/18/2026/03/Plantilla-compartida-1600x900-SN26-300x169.png" alt="" width="437" height="246" srcset="https://setmananatura.cat/2026/wp-content/uploads/sites/18/2026/03/Plantilla-compartida-1600x900-SN26-300x169.png 300w, https://setmananatura.cat/2026/wp-content/uploads/sites/18/2026/03/Plantilla-compartida-1600x900-SN26-1024x576.png 1024w, https://setmananatura.cat/2026/wp-content/uploads/sites/18/2026/03/Plantilla-compartida-1600x900-SN26-768x432.png 768w, https://setmananatura.cat/2026/wp-content/uploads/sites/18/2026/03/Plantilla-compartida-1600x900-SN26-1536x864.png 1536w, https://setmananatura.cat/2026/wp-content/uploads/sites/18/2026/03/Plantilla-compartida-1600x900-SN26.png 1600w" sizes="auto, (max-width: 437px) 100vw, 437px" /></p>
<p><u><strong>Instruccions per utilitzar les plantilles per activitats de la Setmana de la Natura</strong></u></p>
<p><strong>PAS 1.</strong> Seleccionar l’enllaç de la plantilla que vols fer servir.</p>
<p><a href="https://canva.link/fxvpwvupiv6qv4u">Vertical: 1800×1350 px</a><br />
<a href="https://canva.link/7yv52o0ayofz4xu">Horitzontal: 1600×900 px</a></p>
<p><strong>PAS 2.</strong> En obrir l’enllaç seràs redirigida a Canva, on hauràs d’entrar al teu compte o crear-te’n un per entrar. És gratuït i en línia, no necessites descarregar cap aplicació.</p>
<p><strong>PAS 3.</strong> Un cop siguis dins el document, se&#8217;t crearà una còpia de la plantilla al teu perfil, per tal que ho puguis editar i descarregar directament. Assegura’t quan estàs editant que el nom que apareix de l’arxiu és «Còpia de Plantilla activitat…».</p>
<p><strong>PAS 4. </strong>Per descarregar el disseny, vas a «Comparteix» → «Descarrega» → Selecciones «Tipus de fitxer» → i «Descarrega».</p>
<p><strong>PAS 5.</strong> Ja pots compartir!</p>
<p>&nbsp;</p>

<p>Ajuda&#8217;ns a fer arribar la implicació per la natura a tot arreu!  En aquesta secció trobaràs diferents materials per difondre la Setmana Natura a través de xarxes socials o per compartir amb les teves amistats, familiars i coneguts. PREMSA &nbsp; MATERIALS DE COMUNICACIÓ 🡺 LOGOS Logo Setmana Natura – sense dates – 1024 x 458 [&hellip;]</p>
