{"id":2195672,"slug":"inauguracio-de-lexposicio-una-exposicio-de-merda","type":"sn_event","link":"https:\/\/setmananatura.cat\/2021\/activitat\/inauguracio-de-lexposicio-una-exposicio-de-merda\/","title":{"rendered":"Inauguraci\u00f3 de l&#8217;exposici\u00f3  &#8220;Una exposici\u00f3 de merda&#8221;"},"featured_media":2195673,"template":"","categories":[1],"tags":[],"organitzador":[1280],"comarca":[61],"tipus":[8],"public":[12,16,13],"class_list":["post-2195672","sn_event","type-sn_event","status-publish","has-post-thumbnail","hentry","category-general","organitzador-escola-de-la-natura-aj-parets-del-valles","comarca-valles-oriental","tipus-exposicio","public-adults","public-especialitzat","public-familiar"],"aioseo_notices":[],"location":{"latitude":"","longitude":""},"inici":"1622800800","final":"1622811600","image":"https:\/\/setmananatura.cat\/2021\/wp-content\/uploads\/sites\/10\/2021\/05\/ESCNATURA-300x203.jpg","lloc_poblacio":"Parets del Vall\u00e8s","teaser":"\n\n  <p class=\"resultats_una_activitat_foto\">\n    <a href=\"https:\/\/setmananatura.cat\/2021\/activitat\/inauguracio-de-lexposicio-una-exposicio-de-merda\/\">\n\n<img lazy-img=\"https:\/\/setmananatura.cat\/2021\/wp-content\/uploads\/sites\/10\/2021\/05\/ESCNATURA-600x390.jpg\"\/><\/a><\/p>\n  <div class=\"resultats_una_activitat_info\">\n  <div class=\"una_activitat_totes_categories\">\n    <div bind-unsafe-html=\"a.cats\">\n\t  <ul class=\"una_activitat_categories una_activitat_tipus\">\n              <li class=\"exposicio\"><a href=\"https:\/\/setmananatura.cat\/2021\/tipus\/exposicio\/\">Exposici\u00f3<\/a>\n        <\/li>\n          <\/ul>\n    <\/div>\n      <ul class=\"una_activitat_categories una_activitat_public\">\n          <li class=\"adults\"><a href=\"https:\/\/setmananatura.cat\/2021\/public\/adults\/\">Adult<\/a>\n<\/li>\n            <li class=\"especialitzat\"><a href=\"https:\/\/setmananatura.cat\/2021\/public\/especialitzat\/\">Especialitzat<\/a>\n<\/li>\n            <li class=\"familiar\"><a href=\"https:\/\/setmananatura.cat\/2021\/public\/familiar\/\">Familiar<\/a>\n<\/li>\n          <\/ul>\n\n  <\/div>\n  <h2><a href=\"https:\/\/setmananatura.cat\/2021\/activitat\/inauguracio-de-lexposicio-una-exposicio-de-merda\/\">Inauguraci\u00f3 de l&#8217;exposici\u00f3  &#8220;Una exposici\u00f3 de merda&#8221;<\/a><\/h2>\n  <p class=\"una_activitat_data\"> divendres  4 de juny<\/p>\n  <div class=\"una_activitat_lloc\"><p class='lloc_poblacio'>Parets del Vall\u00e8s<\/p><\/div>\n   <\/div>\n   <div class='old'>Activitat passada<\/div>  <\/div>\n","taula":"<td><div class='old'>Activitat passada<\/div><a href=\"https:\/\/setmananatura.cat\/2021\/activitat\/inauguracio-de-lexposicio-una-exposicio-de-merda\/\">Inauguraci\u00f3 de l&#8217;exposici\u00f3  &#8220;Una exposici\u00f3 de merda&#8221;<\/a>\n   <\/td>\n<td><p class='lloc_poblacio'>Parets del Vall\u00e8s<\/p><\/td>\n<td>  <ul class=\"una_activitat_categories una_activitat_tipus\">\n              <li class=\"exposicio\"><a href=\"https:\/\/setmananatura.cat\/2021\/tipus\/exposicio\/\">Exposici\u00f3<\/a>\n        <\/li>\n          <\/ul>\n<\/td>\n<td>  <ul class=\"una_activitat_categories una_activitat_public\">\n          <li class=\"adults\"><a href=\"https:\/\/setmananatura.cat\/2021\/public\/adults\/\">Adult<\/a>\n<\/li>\n            <li class=\"especialitzat\"><a href=\"https:\/\/setmananatura.cat\/2021\/public\/especialitzat\/\">Especialitzat<\/a>\n<\/li>\n            <li class=\"familiar\"><a href=\"https:\/\/setmananatura.cat\/2021\/public\/familiar\/\">Familiar<\/a>\n<\/li>\n          <\/ul>\n<\/td>\n<td>divendres  4 de juny<\/td>\n","loc":"Parets del Vall\u00e8s","_links":{"self":[{"href":"https:\/\/setmananatura.cat\/2021\/wp-json\/wp\/v2\/sn_event\/2195672","targetHints":{"allow":["GET"]}}],"collection":[{"href":"https:\/\/setmananatura.cat\/2021\/wp-json\/wp\/v2\/sn_event"}],"about":[{"href":"https:\/\/setmananatura.cat\/2021\/wp-json\/wp\/v2\/types\/sn_event"}],"wp:featuredmedia":[{"embeddable":true,"href":"https:\/\/setmananatura.cat\/2021\/wp-json\/wp\/v2\/media\/2195673"}],"wp:attachment":[{"href":"https:\/\/setmananatura.cat\/2021\/wp-json\/wp\/v2\/media?parent=2195672"}],"wp:term":[{"taxonomy":"category","embeddable":true,"href":"https:\/\/setmananatura.cat\/2021\/wp-json\/wp\/v2\/categories?post=2195672"},{"taxonomy":"post_tag","embeddable":true,"href":"https:\/\/setmananatura.cat\/2021\/wp-json\/wp\/v2\/tags?post=2195672"},{"taxonomy":"organitzador","embeddable":true,"href":"https:\/\/setmananatura.cat\/2021\/wp-json\/wp\/v2\/organitzador?post=2195672"},{"taxonomy":"comarca","embeddable":true,"href":"https:\/\/setmananatura.cat\/2021\/wp-json\/wp\/v2\/comarca?post=2195672"},{"taxonomy":"tipus","embeddable":true,"href":"https:\/\/setmananatura.cat\/2021\/wp-json\/wp\/v2\/tipus?post=2195672"},{"taxonomy":"public","embeddable":true,"href":"https:\/\/setmananatura.cat\/2021\/wp-json\/wp\/v2\/public?post=2195672"}],"curies":[{"name":"wp","href":"https:\/\/api.w.org\/{rel}","templated":true}]}}

Inauguració de l&#8217;exposició  &#8220;Una exposició de merda&#8221;

Parets del Vallès

<p class="resultats_una_activitat_foto">
    <a href="https://setmananatura.cat/2021/activitat/inauguracio-de-lexposicio-una-exposicio-de-merda/">

<img lazy-img="https://setmananatura.cat/2021/wp-content/uploads/sites/10/2021/05/ESCNATURA-600x390.jpg"/></a></p>
  <div class="resultats_una_activitat_info">
  <div class="una_activitat_totes_categories">
    <div bind-unsafe-html="a.cats">
	  <ul class="una_activitat_categories una_activitat_tipus">
              <li class="exposicio"><a href="https://setmananatura.cat/2021/tipus/exposicio/">Exposició</a>
        </li>
          </ul>
    </div>
      <ul class="una_activitat_categories una_activitat_public">
          <li class="adults"><a href="https://setmananatura.cat/2021/public/adults/">Adult</a>
</li>
            <li class="especialitzat"><a href="https://setmananatura.cat/2021/public/especialitzat/">Especialitzat</a>
</li>
            <li class="familiar"><a href="https://setmananatura.cat/2021/public/familiar/">Familiar</a>
</li>
          </ul>

  </div>
  <h2><a href="https://setmananatura.cat/2021/activitat/inauguracio-de-lexposicio-una-exposicio-de-merda/">Inauguració de l&#8217;exposició  &#8220;Una exposició de merda&#8221;</a></h2>
  <p class="una_activitat_data"> divendres  4 de juny</p>
  <div class="una_activitat_lloc"><p class='lloc_poblacio'>Parets del Vallès</p></div>
   </div>
   <div class='old'>Activitat passada</div>  </div>

<td><div class='old'>Activitat passada</div><a href="https://setmananatura.cat/2021/activitat/inauguracio-de-lexposicio-una-exposicio-de-merda/">Inauguració de l&#8217;exposició  &#8220;Una exposició de merda&#8221;</a>
   </td>
<td><p class='lloc_poblacio'>Parets del Vallès</p></td>
<td>  <ul class="una_activitat_categories una_activitat_tipus">
              <li class="exposicio"><a href="https://setmananatura.cat/2021/tipus/exposicio/">Exposició</a>
        </li>
          </ul>
</td>
<td>  <ul class="una_activitat_categories una_activitat_public">
          <li class="adults"><a href="https://setmananatura.cat/2021/public/adults/">Adult</a>
</li>
            <li class="especialitzat"><a href="https://setmananatura.cat/2021/public/especialitzat/">Especialitzat</a>
</li>
            <li class="familiar"><a href="https://setmananatura.cat/2021/public/familiar/">Familiar</a>
</li>
          </ul>
</td>
<td>divendres  4 de juny</td>
