{"id":2192070,"date":"2020-03-04T15:42:55","date_gmt":"2020-03-04T14:42:55","guid":{"rendered":"http:\/\/setmananatura.cat\/2021\/?page_id=2192070"},"modified":"2021-05-14T16:06:50","modified_gmt":"2021-05-14T14:06:50","slug":"organitza-una-activitat","status":"publish","type":"page","link":"https:\/\/setmananatura.cat\/2021\/organitza-una-activitat\/","title":{"rendered":"Organitza una activitat"},"content":{"rendered":"<p>Si formes part d\u2019un col\u00b7lectiu (associacions, fundacions, escoles, instituts, grup de lleure, administracions p\u00fabliques, biblioteques, museus, parcs naturals, empreses&#8230;) pots organitzar una activitat per la Setmana de la Natura!<\/p>\n<p>Totes les activitats han de ser sense \u00e0nim de lucre i han de promoure la participaci\u00f3 en la conservaci\u00f3 de la natura.<\/p>\n<h3><span style=\"color: #008000;\"><strong>Quin tipus d\u2019activitats es poden organitzar?<\/strong><\/span><\/h3>\n<p>Es poden organitzar diferents tipus d\u2019activitats: xerrades o confer\u00e8ncies, tallers d\u2019educaci\u00f3 ambiental, exposicions, portes obertes, jornades de voluntariat, millora d\u2019una bassa, extracci\u00f3 de plantes invasores, gimcanes, dinars contra el malbaratament alimentari, bicicletades&#8230;<\/p>\n<p>L\u2019objectiu d\u2019aquest any \u00e9s <strong>promoure l\u2019acci\u00f3 per reduir la p\u00e8rdua de biodiversitat<\/strong> a Catalunya. Les entitats ambientals podeu donar a con\u00e8ixer amb una activitat qu\u00e8 feu en el dia a dia per combatre aquesta problem\u00e0tica, i la resta d\u2019organitzacions podeu buscar la col\u00b7laboraci\u00f3 amb les entitats ambientals de la vostra zona.<\/p>\n<p>A continuaci\u00f3 tens m\u00e9s informaci\u00f3 segons el tipus d\u2019organitzaci\u00f3:<\/p>\n<p><a href=\"http:\/\/setmananatura.cat\/2021\/wp-content\/uploads\/sites\/10\/2021\/03\/SN_Pr_ENTITATS_2021.pdf\"><img loading=\"lazy\" decoding=\"async\" class=\"alignnone wp-image-2192176\" src=\"http:\/\/setmananatura.cat\/2021\/wp-content\/uploads\/sites\/10\/2020\/03\/colectiu_1.png\" alt=\"\" width=\"94\" height=\"86\" srcset=\"https:\/\/setmananatura.cat\/2021\/wp-content\/uploads\/sites\/10\/2020\/03\/colectiu_1.png 605w, https:\/\/setmananatura.cat\/2021\/wp-content\/uploads\/sites\/10\/2020\/03\/colectiu_1-300x276.png 300w\" sizes=\"auto, (max-width: 94px) 100vw, 94px\" \/><\/a><a href=\"http:\/\/setmananatura.cat\/2021\/wp-content\/uploads\/sites\/10\/2021\/03\/SN_Pr_ESCOLES_INSTITUTS_2021_2.pdf\"><img loading=\"lazy\" decoding=\"async\" class=\"alignnone wp-image-2192177\" src=\"http:\/\/setmananatura.cat\/2021\/wp-content\/uploads\/sites\/10\/2020\/03\/colectiu_2.png\" alt=\"\" width=\"105\" height=\"96\" srcset=\"https:\/\/setmananatura.cat\/2021\/wp-content\/uploads\/sites\/10\/2020\/03\/colectiu_2.png 605w, https:\/\/setmananatura.cat\/2021\/wp-content\/uploads\/sites\/10\/2020\/03\/colectiu_2-300x276.png 300w\" sizes=\"auto, (max-width: 105px) 100vw, 105px\" \/><\/a><a href=\"http:\/\/setmananatura.cat\/2021\/wp-content\/uploads\/sites\/10\/2021\/03\/SN_Pr_AJUNTAMENTS_2021.pdf\"><img loading=\"lazy\" decoding=\"async\" class=\"alignnone wp-image-2192179\" src=\"http:\/\/setmananatura.cat\/2021\/wp-content\/uploads\/sites\/10\/2020\/03\/colectiu_4.png\" alt=\"\" width=\"97\" height=\"89\" srcset=\"https:\/\/setmananatura.cat\/2021\/wp-content\/uploads\/sites\/10\/2020\/03\/colectiu_4.png 605w, https:\/\/setmananatura.cat\/2021\/wp-content\/uploads\/sites\/10\/2020\/03\/colectiu_4-300x276.png 300w\" sizes=\"auto, (max-width: 97px) 100vw, 97px\" \/><\/a><a href=\"http:\/\/setmananatura.cat\/2021\/wp-content\/uploads\/sites\/10\/2021\/03\/SN_Pr_BIBLIOTEQUES_2021_2-11.pdf\"><img loading=\"lazy\" decoding=\"async\" class=\"alignnone wp-image-2192178\" src=\"http:\/\/setmananatura.cat\/2021\/wp-content\/uploads\/sites\/10\/2020\/03\/colectiu_3.png\" alt=\"\" width=\"97\" height=\"89\" srcset=\"https:\/\/setmananatura.cat\/2021\/wp-content\/uploads\/sites\/10\/2020\/03\/colectiu_3.png 605w, https:\/\/setmananatura.cat\/2021\/wp-content\/uploads\/sites\/10\/2020\/03\/colectiu_3-300x276.png 300w\" sizes=\"auto, (max-width: 97px) 100vw, 97px\" \/><\/a><a href=\"http:\/\/setmananatura.cat\/2021\/wp-content\/uploads\/sites\/10\/2021\/03\/SN_Pr_EMPRESES_2021.pdf\"><img loading=\"lazy\" decoding=\"async\" class=\"alignnone wp-image-2192180\" src=\"http:\/\/setmananatura.cat\/2021\/wp-content\/uploads\/sites\/10\/2020\/03\/colectiu_5.png\" alt=\"\" width=\"102\" height=\"94\" srcset=\"https:\/\/setmananatura.cat\/2021\/wp-content\/uploads\/sites\/10\/2020\/03\/colectiu_5.png 605w, https:\/\/setmananatura.cat\/2021\/wp-content\/uploads\/sites\/10\/2020\/03\/colectiu_5-300x276.png 300w\" sizes=\"auto, (max-width: 102px) 100vw, 102px\" \/><\/a><\/p>\n<p>&nbsp;<\/p>\n<p>El compliment de les mesures de seguretat per a la prevenci\u00f3 de la Covid-19 \u00e9s responsabilitat de l&#8217;entitat organitzadora de cada activitat. La Xarxa per la Conservaci\u00f3 de la Natura recorda i recomana l&#8217;obligat compliment d&#8217;aquestes mesures, no obstant no se&#8217;n fa responsable.<\/p>\n","protected":false},"excerpt":{"rendered":"<p>Si formes part d\u2019un col\u00b7lectiu (associacions, fundacions, escoles, instituts, grup de lleure, administracions p\u00fabliques, biblioteques, museus, parcs naturals, empreses&#8230;) pots organitzar una activitat per la Setmana de la Natura! Totes les activitats han de ser sense \u00e0nim de lucre i han de promoure la participaci\u00f3 en la conservaci\u00f3 de la natura. Quin tipus d\u2019activitats es [&hellip;]<\/p>\n","protected":false},"author":2,"featured_media":0,"parent":0,"menu_order":0,"comment_status":"closed","ping_status":"closed","template":"page-crear.php","meta":{"footnotes":""},"class_list":["post-2192070","page","type-page","status-publish","hentry"],"aioseo_notices":[],"_links":{"self":[{"href":"https:\/\/setmananatura.cat\/2021\/wp-json\/wp\/v2\/pages\/2192070","targetHints":{"allow":["GET"]}}],"collection":[{"href":"https:\/\/setmananatura.cat\/2021\/wp-json\/wp\/v2\/pages"}],"about":[{"href":"https:\/\/setmananatura.cat\/2021\/wp-json\/wp\/v2\/types\/page"}],"author":[{"embeddable":true,"href":"https:\/\/setmananatura.cat\/2021\/wp-json\/wp\/v2\/users\/2"}],"replies":[{"embeddable":true,"href":"https:\/\/setmananatura.cat\/2021\/wp-json\/wp\/v2\/comments?post=2192070"}],"version-history":[{"count":14,"href":"https:\/\/setmananatura.cat\/2021\/wp-json\/wp\/v2\/pages\/2192070\/revisions"}],"predecessor-version":[{"id":2195413,"href":"https:\/\/setmananatura.cat\/2021\/wp-json\/wp\/v2\/pages\/2192070\/revisions\/2195413"}],"wp:attachment":[{"href":"https:\/\/setmananatura.cat\/2021\/wp-json\/wp\/v2\/media?parent=2192070"}],"curies":[{"name":"wp","href":"https:\/\/api.w.org\/{rel}","templated":true}]}}

<p>Si formes part d’un col·lectiu (associacions, fundacions, escoles, instituts, grup de lleure, administracions públiques, biblioteques, museus, parcs naturals, empreses&#8230;) pots organitzar una activitat per la Setmana de la Natura!</p>
<p>Totes les activitats han de ser sense ànim de lucre i han de promoure la participació en la conservació de la natura.</p>
<h3><span style="color: #008000;"><strong>Quin tipus d’activitats es poden organitzar?</strong></span></h3>
<p>Es poden organitzar diferents tipus d’activitats: xerrades o conferències, tallers d’educació ambiental, exposicions, portes obertes, jornades de voluntariat, millora d’una bassa, extracció de plantes invasores, gimcanes, dinars contra el malbaratament alimentari, bicicletades&#8230;</p>
<p>L’objectiu d’aquest any és <strong>promoure l’acció per reduir la pèrdua de biodiversitat</strong> a Catalunya. Les entitats ambientals podeu donar a conèixer amb una activitat què feu en el dia a dia per combatre aquesta problemàtica, i la resta d’organitzacions podeu buscar la col·laboració amb les entitats ambientals de la vostra zona.</p>
<p>A continuació tens més informació segons el tipus d’organització:</p>
<p><a href="http://setmananatura.cat/2021/wp-content/uploads/sites/10/2021/03/SN_Pr_ENTITATS_2021.pdf"><img loading="lazy" decoding="async" class="alignnone wp-image-2192176" src="http://setmananatura.cat/2021/wp-content/uploads/sites/10/2020/03/colectiu_1.png" alt="" width="94" height="86" srcset="https://setmananatura.cat/2021/wp-content/uploads/sites/10/2020/03/colectiu_1.png 605w, https://setmananatura.cat/2021/wp-content/uploads/sites/10/2020/03/colectiu_1-300x276.png 300w" sizes="auto, (max-width: 94px) 100vw, 94px" /></a><a href="http://setmananatura.cat/2021/wp-content/uploads/sites/10/2021/03/SN_Pr_ESCOLES_INSTITUTS_2021_2.pdf"><img loading="lazy" decoding="async" class="alignnone wp-image-2192177" src="http://setmananatura.cat/2021/wp-content/uploads/sites/10/2020/03/colectiu_2.png" alt="" width="105" height="96" srcset="https://setmananatura.cat/2021/wp-content/uploads/sites/10/2020/03/colectiu_2.png 605w, https://setmananatura.cat/2021/wp-content/uploads/sites/10/2020/03/colectiu_2-300x276.png 300w" sizes="auto, (max-width: 105px) 100vw, 105px" /></a><a href="http://setmananatura.cat/2021/wp-content/uploads/sites/10/2021/03/SN_Pr_AJUNTAMENTS_2021.pdf"><img loading="lazy" decoding="async" class="alignnone wp-image-2192179" src="http://setmananatura.cat/2021/wp-content/uploads/sites/10/2020/03/colectiu_4.png" alt="" width="97" height="89" srcset="https://setmananatura.cat/2021/wp-content/uploads/sites/10/2020/03/colectiu_4.png 605w, https://setmananatura.cat/2021/wp-content/uploads/sites/10/2020/03/colectiu_4-300x276.png 300w" sizes="auto, (max-width: 97px) 100vw, 97px" /></a><a href="http://setmananatura.cat/2021/wp-content/uploads/sites/10/2021/03/SN_Pr_BIBLIOTEQUES_2021_2-11.pdf"><img loading="lazy" decoding="async" class="alignnone wp-image-2192178" src="http://setmananatura.cat/2021/wp-content/uploads/sites/10/2020/03/colectiu_3.png" alt="" width="97" height="89" srcset="https://setmananatura.cat/2021/wp-content/uploads/sites/10/2020/03/colectiu_3.png 605w, https://setmananatura.cat/2021/wp-content/uploads/sites/10/2020/03/colectiu_3-300x276.png 300w" sizes="auto, (max-width: 97px) 100vw, 97px" /></a><a href="http://setmananatura.cat/2021/wp-content/uploads/sites/10/2021/03/SN_Pr_EMPRESES_2021.pdf"><img loading="lazy" decoding="async" class="alignnone wp-image-2192180" src="http://setmananatura.cat/2021/wp-content/uploads/sites/10/2020/03/colectiu_5.png" alt="" width="102" height="94" srcset="https://setmananatura.cat/2021/wp-content/uploads/sites/10/2020/03/colectiu_5.png 605w, https://setmananatura.cat/2021/wp-content/uploads/sites/10/2020/03/colectiu_5-300x276.png 300w" sizes="auto, (max-width: 102px) 100vw, 102px" /></a></p>
<p>&nbsp;</p>
<p>El compliment de les mesures de seguretat per a la prevenció de la Covid-19 és responsabilitat de l&#8217;entitat organitzadora de cada activitat. La Xarxa per la Conservació de la Natura recorda i recomana l&#8217;obligat compliment d&#8217;aquestes mesures, no obstant no se&#8217;n fa responsable.</p>

<p>Si formes part d’un col·lectiu (associacions, fundacions, escoles, instituts, grup de lleure, administracions públiques, biblioteques, museus, parcs naturals, empreses&#8230;) pots organitzar una activitat per la Setmana de la Natura! Totes les activitats han de ser sense ànim de lucre i han de promoure la participació en la conservació de la natura. Quin tipus d’activitats es [&hellip;]</p>
