{"id":2192198,"date":"2020-03-05T15:58:47","date_gmt":"2020-03-05T14:58:47","guid":{"rendered":"http:\/\/setmananatura.cat\/2020\/?page_id=2192198"},"modified":"2020-06-02T09:57:10","modified_gmt":"2020-06-02T07:57:10","slug":"organitzadors-biblioteques","status":"publish","type":"page","link":"https:\/\/setmananatura.cat\/2020\/organitzadors-biblioteques\/","title":{"rendered":"Organitzadors: Biblioteques"},"content":{"rendered":"<p>Les <strong>biblioteques<\/strong> i els <strong>centres de documentaci\u00f3<\/strong> esdevenen un <strong>agent clau<\/strong> per implicar a la ciutadania en el coneixement i en la cura de la natura i el territori. La Setmana de la Natura \u00e9s una oportunitat especial per donar a con\u00e8ixer el <strong>fons documental ambiental<\/strong> de Catalunya i per apropar el medi natural a la ciutadania a trav\u00e9s de la lectura.<\/p>\n<p><strong><a href=\"http:\/\/setmananatura.cat\/2020\/wp-content\/uploads\/sites\/9\/2020\/03\/SN_biblioteques_2020.pdf\">Descarrega aqu\u00ed<\/a><\/strong> el dossier informatiu per biblioteques.<\/p>\n<p>A m\u00e9s, per aquesta <strong>5a edici\u00f3<\/strong> de la Setmana Natura, la tem\u00e0tica central ser\u00e0 la <strong>p\u00e8rdua de biodiversita<\/strong>t al nostre territori: com podem <strong>passar a l\u2019acci\u00f3<\/strong> per frenar aquesta situaci\u00f3?<\/p>\n<p>Teniu<strong> m\u00e9s informaci\u00f3<\/strong> sobre el tema central d\u2019enguany en <strong><a href=\"https:\/\/setmananatura.cat\/2020\/la-perdua-de-biodiversitat-2\/\">aquest enlla\u00e7<\/a><\/strong>.<\/p>\n<p><a href=\"http:\/\/setmananatura.cat\/2020\/wp-content\/uploads\/sites\/9\/2020\/03\/biblios_llegeix_natura.jpg\"><img loading=\"lazy\" decoding=\"async\" class=\"wp-image-2192450 size-large aligncenter\" src=\"http:\/\/setmananatura.cat\/2020\/wp-content\/uploads\/sites\/9\/2020\/03\/biblios_llegeix_natura-1024x399.jpg\" alt=\"\" width=\"850\" height=\"331\" srcset=\"https:\/\/setmananatura.cat\/2020\/wp-content\/uploads\/sites\/9\/2020\/03\/biblios_llegeix_natura-1024x399.jpg 1024w, https:\/\/setmananatura.cat\/2020\/wp-content\/uploads\/sites\/9\/2020\/03\/biblios_llegeix_natura-300x117.jpg 300w, https:\/\/setmananatura.cat\/2020\/wp-content\/uploads\/sites\/9\/2020\/03\/biblios_llegeix_natura-768x299.jpg 768w, https:\/\/setmananatura.cat\/2020\/wp-content\/uploads\/sites\/9\/2020\/03\/biblios_llegeix_natura-1536x598.jpg 1536w, https:\/\/setmananatura.cat\/2020\/wp-content\/uploads\/sites\/9\/2020\/03\/biblios_llegeix_natura.jpg 1608w\" sizes=\"auto, (max-width: 850px) 100vw, 850px\" \/><\/a><\/p>\n<p><span style=\"color: #008000;\"><strong>Com podeu participar a la Setmana Natura?<\/strong><\/span><\/p>\n<p>\u25cf\u00a0\u00a0\u00a0 Les biblioteques properes als parcs naturals poden fer activitats conjuntes! Es poden organitzar activitats entre centres de documentaci\u00f3 especialitzats i biblioteques p\u00fabliques, bibliobusos, arxius, etc. Promovem el treball en xarxa!<\/p>\n<p>Tamb\u00e9 podeu buscar la <strong>col\u00b7laboraci\u00f3 amb les entitats ambientals<\/strong> properes als vostres centres.<\/p>\n<p>\u25cf\u00a0\u00a0\u00a0 <strong>Organitza una activitat<\/strong>, entre el 3 i l&#8217;11 d&#8217;octubre, relacionada amb la p\u00e8rdua de biodiversitat i puja-la a trav\u00e9s del <a href=\"https:\/\/setmananatura.cat\/2020\/afegir-activitat\/\">formulari web<\/a>. Podr\u00e0s penjar les activitats <strong>fins el dia 12 de setembre<\/strong>\u00a0de 2020 (per tal de poder fer-vos arribar els bra\u00e7alets i fer-ne difusi\u00f3).<\/p>\n<p>\u25cf\u00a0\u00a0\u00a0 <strong>Convida el teu entorn a sumar-s&#8217;hi<\/strong> i a organitzar noves activitats: a les associacions de ve\u00efns, ajuntaments, associacions juvenils, escoles, empreses o entitats socials\u2026<\/p>\n<p>\u25cf\u00a0\u00a0\u00a0 <strong>Ajuda&#8217;ns a difondre la Setmana!<\/strong> A l&#8217;apartat \u2018<a href=\"https:\/\/setmananatura.cat\/2020\/difon-la-setmana-natura\/\"><strong>difon la Setmana Natura<\/strong><\/a>\u2019 de la web hi trobar\u00e0s recursos com el logo, el p\u00f2ster o alguns banners perqu\u00e8 escolliu el que m\u00e9s us agradi.<\/p>\n<p>\u25cf\u00a0\u00a0\u00a0 Participa i promociona-la a les xarxes socials amb l&#8217;etiqueta <strong>#setmananatura<\/strong> i<strong> #llegeixnatura<\/strong>, publicant les fotos de les vostres activitats!<\/p>\n<p>Un cop entreu les activitats a la web i estiguin validades, us farem arribar els <strong>bra\u00e7alets solidaris<\/strong> #setmananatura perqu\u00e8 regalar a tots els participants de les activitats!<\/p>\n<p>Per qualsevol dubte, pots contactar amb nosaltres a trav\u00e9s d&#8217;aquest correu: <strong>info@setmananatura.cat<\/strong><\/p>\n","protected":false},"excerpt":{"rendered":"<p>Les biblioteques i els centres de documentaci\u00f3 esdevenen un agent clau per implicar a la ciutadania en el coneixement i en la cura de la natura i el territori. La Setmana de la Natura \u00e9s una oportunitat especial per donar a con\u00e8ixer el fons documental ambiental de Catalunya i per apropar el medi natural a [&hellip;]<\/p>\n","protected":false},"author":2,"featured_media":0,"parent":0,"menu_order":0,"comment_status":"closed","ping_status":"closed","template":"page-crear.php","meta":{"footnotes":""},"class_list":["post-2192198","page","type-page","status-publish","hentry"],"aioseo_notices":[],"_links":{"self":[{"href":"https:\/\/setmananatura.cat\/2020\/wp-json\/wp\/v2\/pages\/2192198","targetHints":{"allow":["GET"]}}],"collection":[{"href":"https:\/\/setmananatura.cat\/2020\/wp-json\/wp\/v2\/pages"}],"about":[{"href":"https:\/\/setmananatura.cat\/2020\/wp-json\/wp\/v2\/types\/page"}],"author":[{"embeddable":true,"href":"https:\/\/setmananatura.cat\/2020\/wp-json\/wp\/v2\/users\/2"}],"replies":[{"embeddable":true,"href":"https:\/\/setmananatura.cat\/2020\/wp-json\/wp\/v2\/comments?post=2192198"}],"version-history":[{"count":7,"href":"https:\/\/setmananatura.cat\/2020\/wp-json\/wp\/v2\/pages\/2192198\/revisions"}],"predecessor-version":[{"id":2192611,"href":"https:\/\/setmananatura.cat\/2020\/wp-json\/wp\/v2\/pages\/2192198\/revisions\/2192611"}],"wp:attachment":[{"href":"https:\/\/setmananatura.cat\/2020\/wp-json\/wp\/v2\/media?parent=2192198"}],"curies":[{"name":"wp","href":"https:\/\/api.w.org\/{rel}","templated":true}]}}