{"id":95,"date":"2018-03-05T17:18:51","date_gmt":"2018-03-05T15:18:51","guid":{"rendered":"http:\/\/setmananatura.cat\/2018\/?page_id=95"},"modified":"2018-06-06T18:16:49","modified_gmt":"2018-06-06T16:16:49","slug":"materials-de-comunicacio","status":"publish","type":"page","link":"https:\/\/setmananatura.cat\/2018\/materials-de-comunicacio\/","title":{"rendered":"Materials de comunicaci\u00f3"},"content":{"rendered":"<p>A continuaci\u00f3 trobareu alguns materials de comunicaci\u00f3 que us poden ajudar amb la difusi\u00f3 de la Setmana de la Natura:<\/p>\n<p><strong>Notes de premsa<\/strong>:<\/p>\n<ul>\n<li>Nota de premsa inici Setmana de la Natura 2018. <a href=\"http:\/\/setmananatura.cat\/2018\/wp-content\/uploads\/sites\/3\/2018\/05\/170524-NdPSetmanaNatura_DEF.pdf\">Descarrega<\/a>.<\/li>\n<li>Nota de premsa finalitzaci\u00f3 Setmana de la Natura 2018. <a href=\"http:\/\/setmananatura.cat\/2018\/wp-content\/uploads\/sites\/3\/2018\/06\/180606_NdP_FI-Setmananatura.pdf\">Descarrega<\/a>.<\/li>\n<\/ul>\n<p>&nbsp;<\/p>\n<p><strong>Materials gr\u00e0fics<\/strong>:<\/p>\n<ul>\n<li>Flyer de la Setmana de la Natura 2018. <a href=\"http:\/\/setmananatura.cat\/2018\/wp-content\/uploads\/sites\/3\/2018\/03\/Flyer2018-model1.jpg\">Descarrega<\/a>.<\/li>\n<li>Flyer personalitzable de la Setmana de la Natura 2018. Descarrega en <a href=\"http:\/\/setmananatura.cat\/2018\/wp-content\/uploads\/sites\/3\/2018\/03\/Flyer2018_personalitzable.jpg\">JPG<\/a> i en <a href=\"http:\/\/setmananatura.cat\/2018\/wp-content\/uploads\/sites\/3\/2018\/03\/Flyer2018_personalitzable.ppt\">PowerPoint<\/a>.<\/li>\n<li>Logotip de la SN&#8217;18. <a href=\"http:\/\/setmananatura.cat\/2018\/wp-content\/uploads\/sites\/3\/2018\/03\/logo_setmana_natura_dates_2018_ambany_rectangular.png\">Descarrega<\/a>.<\/li>\n<li>Cartell concurs fotografia:<\/li>\n<\/ul>\n<p><img loading=\"lazy\" decoding=\"async\" class=\"alignnone wp-image-1037\" src=\"http:\/\/setmananatura.cat\/2018\/wp-content\/uploads\/sites\/3\/2018\/05\/unnamed-file-214x300.png\" alt=\"\" width=\"786\" height=\"1102\" srcset=\"https:\/\/setmananatura.cat\/2018\/wp-content\/uploads\/sites\/3\/2018\/05\/unnamed-file-214x300.png 214w, https:\/\/setmananatura.cat\/2018\/wp-content\/uploads\/sites\/3\/2018\/05\/unnamed-file-731x1024.png 731w\" sizes=\"auto, (max-width: 786px) 100vw, 786px\" \/><\/p>\n<ul>\n<li>Banner 1. <a href=\"http:\/\/setmananatura.cat\/2018\/wp-content\/uploads\/sites\/3\/2018\/03\/Banner1_pardines.jpg\">Descarrega<\/a>.<\/li>\n<\/ul>\n<p><img loading=\"lazy\" decoding=\"async\" class=\"alignnone size-full wp-image-125\" src=\"http:\/\/setmananatura.cat\/2018\/wp-content\/uploads\/sites\/3\/2018\/03\/Banner1_pardines.jpg\" alt=\"\" width=\"787\" height=\"389\" srcset=\"https:\/\/setmananatura.cat\/2018\/wp-content\/uploads\/sites\/3\/2018\/03\/Banner1_pardines.jpg 787w, https:\/\/setmananatura.cat\/2018\/wp-content\/uploads\/sites\/3\/2018\/03\/Banner1_pardines-300x148.jpg 300w, https:\/\/setmananatura.cat\/2018\/wp-content\/uploads\/sites\/3\/2018\/03\/Banner1_pardines-768x380.jpg 768w\" sizes=\"auto, (max-width: 787px) 100vw, 787px\" \/><\/p>\n<ul>\n<li>Banner 2. <a href=\"http:\/\/setmananatura.cat\/2018\/wp-content\/uploads\/sites\/3\/2018\/03\/Banner1_lofaradada.jpg\">Descarrega.<\/a><\/li>\n<\/ul>\n<p><img loading=\"lazy\" decoding=\"async\" class=\"alignnone size-full wp-image-124\" src=\"http:\/\/setmananatura.cat\/2018\/wp-content\/uploads\/sites\/3\/2018\/03\/Banner1_lofaradada.jpg\" alt=\"\" width=\"787\" height=\"389\" srcset=\"https:\/\/setmananatura.cat\/2018\/wp-content\/uploads\/sites\/3\/2018\/03\/Banner1_lofaradada.jpg 787w, https:\/\/setmananatura.cat\/2018\/wp-content\/uploads\/sites\/3\/2018\/03\/Banner1_lofaradada-300x148.jpg 300w, https:\/\/setmananatura.cat\/2018\/wp-content\/uploads\/sites\/3\/2018\/03\/Banner1_lofaradada-768x380.jpg 768w\" sizes=\"auto, (max-width: 787px) 100vw, 787px\" \/><\/p>\n<ul>\n<li>Banner 3. <a href=\"http:\/\/setmananatura.cat\/2018\/wp-content\/uploads\/sites\/3\/2018\/03\/Banner1_grupdegent.png\">Descarrega<\/a>.<\/li>\n<\/ul>\n<p><img loading=\"lazy\" decoding=\"async\" class=\"alignnone size-full wp-image-123\" src=\"http:\/\/setmananatura.cat\/2018\/wp-content\/uploads\/sites\/3\/2018\/03\/Banner1_grupdegent.png\" alt=\"\" width=\"787\" height=\"389\" srcset=\"https:\/\/setmananatura.cat\/2018\/wp-content\/uploads\/sites\/3\/2018\/03\/Banner1_grupdegent.png 787w, https:\/\/setmananatura.cat\/2018\/wp-content\/uploads\/sites\/3\/2018\/03\/Banner1_grupdegent-300x148.png 300w, https:\/\/setmananatura.cat\/2018\/wp-content\/uploads\/sites\/3\/2018\/03\/Banner1_grupdegent-768x380.png 768w\" sizes=\"auto, (max-width: 787px) 100vw, 787px\" \/><\/p>\n<ul>\n<li>Banner 4. <a href=\"http:\/\/setmananatura.cat\/2018\/wp-content\/uploads\/sites\/3\/2018\/03\/Banner1_floreta.jpg\">Descarrega<\/a>.<\/li>\n<\/ul>\n<p><img loading=\"lazy\" decoding=\"async\" class=\"alignnone size-full wp-image-122\" src=\"http:\/\/setmananatura.cat\/2018\/wp-content\/uploads\/sites\/3\/2018\/03\/Banner1_floreta.jpg\" alt=\"\" width=\"787\" height=\"389\" srcset=\"https:\/\/setmananatura.cat\/2018\/wp-content\/uploads\/sites\/3\/2018\/03\/Banner1_floreta.jpg 787w, https:\/\/setmananatura.cat\/2018\/wp-content\/uploads\/sites\/3\/2018\/03\/Banner1_floreta-300x148.jpg 300w, https:\/\/setmananatura.cat\/2018\/wp-content\/uploads\/sites\/3\/2018\/03\/Banner1_floreta-768x380.jpg 768w\" sizes=\"auto, (max-width: 787px) 100vw, 787px\" \/><\/p>\n","protected":false},"excerpt":{"rendered":"<p>A continuaci\u00f3 trobareu alguns materials de comunicaci\u00f3 que us poden ajudar amb la difusi\u00f3 de la Setmana de la Natura: Notes de premsa: Nota de premsa inici Setmana de la Natura 2018. Descarrega. Nota de premsa finalitzaci\u00f3 Setmana de la Natura 2018. Descarrega. &nbsp; Materials gr\u00e0fics: Flyer de la Setmana de la Natura 2018. Descarrega. [&hellip;]<\/p>\n","protected":false},"author":1,"featured_media":0,"parent":0,"menu_order":0,"comment_status":"closed","ping_status":"closed","template":"","meta":{"footnotes":""},"class_list":["post-95","page","type-page","status-publish","hentry"],"aioseo_notices":[],"_links":{"self":[{"href":"https:\/\/setmananatura.cat\/2018\/wp-json\/wp\/v2\/pages\/95","targetHints":{"allow":["GET"]}}],"collection":[{"href":"https:\/\/setmananatura.cat\/2018\/wp-json\/wp\/v2\/pages"}],"about":[{"href":"https:\/\/setmananatura.cat\/2018\/wp-json\/wp\/v2\/types\/page"}],"author":[{"embeddable":true,"href":"https:\/\/setmananatura.cat\/2018\/wp-json\/wp\/v2\/users\/1"}],"replies":[{"embeddable":true,"href":"https:\/\/setmananatura.cat\/2018\/wp-json\/wp\/v2\/comments?post=95"}],"version-history":[{"count":13,"href":"https:\/\/setmananatura.cat\/2018\/wp-json\/wp\/v2\/pages\/95\/revisions"}],"predecessor-version":[{"id":2218,"href":"https:\/\/setmananatura.cat\/2018\/wp-json\/wp\/v2\/pages\/95\/revisions\/2218"}],"wp:attachment":[{"href":"https:\/\/setmananatura.cat\/2018\/wp-json\/wp\/v2\/media?parent=95"}],"curies":[{"name":"wp","href":"https:\/\/api.w.org\/{rel}","templated":true}]}}

Materials de comunicació

<p>A continuació trobareu alguns materials de comunicació que us poden ajudar amb la difusió de la Setmana de la Natura:</p>
<p><strong>Notes de premsa</strong>:</p>
<ul>
<li>Nota de premsa inici Setmana de la Natura 2018. <a href="http://setmananatura.cat/2018/wp-content/uploads/sites/3/2018/05/170524-NdPSetmanaNatura_DEF.pdf">Descarrega</a>.</li>
<li>Nota de premsa finalització Setmana de la Natura 2018. <a href="http://setmananatura.cat/2018/wp-content/uploads/sites/3/2018/06/180606_NdP_FI-Setmananatura.pdf">Descarrega</a>.</li>
</ul>
<p>&nbsp;</p>
<p><strong>Materials gràfics</strong>:</p>
<ul>
<li>Flyer de la Setmana de la Natura 2018. <a href="http://setmananatura.cat/2018/wp-content/uploads/sites/3/2018/03/Flyer2018-model1.jpg">Descarrega</a>.</li>
<li>Flyer personalitzable de la Setmana de la Natura 2018. Descarrega en <a href="http://setmananatura.cat/2018/wp-content/uploads/sites/3/2018/03/Flyer2018_personalitzable.jpg">JPG</a> i en <a href="http://setmananatura.cat/2018/wp-content/uploads/sites/3/2018/03/Flyer2018_personalitzable.ppt">PowerPoint</a>.</li>
<li>Logotip de la SN&#8217;18. <a href="http://setmananatura.cat/2018/wp-content/uploads/sites/3/2018/03/logo_setmana_natura_dates_2018_ambany_rectangular.png">Descarrega</a>.</li>
<li>Cartell concurs fotografia:</li>
</ul>
<p><img loading="lazy" decoding="async" class="alignnone wp-image-1037" src="http://setmananatura.cat/2018/wp-content/uploads/sites/3/2018/05/unnamed-file-214x300.png" alt="" width="786" height="1102" srcset="https://setmananatura.cat/2018/wp-content/uploads/sites/3/2018/05/unnamed-file-214x300.png 214w, https://setmananatura.cat/2018/wp-content/uploads/sites/3/2018/05/unnamed-file-731x1024.png 731w" sizes="auto, (max-width: 786px) 100vw, 786px" /></p>
<ul>
<li>Banner 1. <a href="http://setmananatura.cat/2018/wp-content/uploads/sites/3/2018/03/Banner1_pardines.jpg">Descarrega</a>.</li>
</ul>
<p><img loading="lazy" decoding="async" class="alignnone size-full wp-image-125" src="http://setmananatura.cat/2018/wp-content/uploads/sites/3/2018/03/Banner1_pardines.jpg" alt="" width="787" height="389" srcset="https://setmananatura.cat/2018/wp-content/uploads/sites/3/2018/03/Banner1_pardines.jpg 787w, https://setmananatura.cat/2018/wp-content/uploads/sites/3/2018/03/Banner1_pardines-300x148.jpg 300w, https://setmananatura.cat/2018/wp-content/uploads/sites/3/2018/03/Banner1_pardines-768x380.jpg 768w" sizes="auto, (max-width: 787px) 100vw, 787px" /></p>
<ul>
<li>Banner 2. <a href="http://setmananatura.cat/2018/wp-content/uploads/sites/3/2018/03/Banner1_lofaradada.jpg">Descarrega.</a></li>
</ul>
<p><img loading="lazy" decoding="async" class="alignnone size-full wp-image-124" src="http://setmananatura.cat/2018/wp-content/uploads/sites/3/2018/03/Banner1_lofaradada.jpg" alt="" width="787" height="389" srcset="https://setmananatura.cat/2018/wp-content/uploads/sites/3/2018/03/Banner1_lofaradada.jpg 787w, https://setmananatura.cat/2018/wp-content/uploads/sites/3/2018/03/Banner1_lofaradada-300x148.jpg 300w, https://setmananatura.cat/2018/wp-content/uploads/sites/3/2018/03/Banner1_lofaradada-768x380.jpg 768w" sizes="auto, (max-width: 787px) 100vw, 787px" /></p>
<ul>
<li>Banner 3. <a href="http://setmananatura.cat/2018/wp-content/uploads/sites/3/2018/03/Banner1_grupdegent.png">Descarrega</a>.</li>
</ul>
<p><img loading="lazy" decoding="async" class="alignnone size-full wp-image-123" src="http://setmananatura.cat/2018/wp-content/uploads/sites/3/2018/03/Banner1_grupdegent.png" alt="" width="787" height="389" srcset="https://setmananatura.cat/2018/wp-content/uploads/sites/3/2018/03/Banner1_grupdegent.png 787w, https://setmananatura.cat/2018/wp-content/uploads/sites/3/2018/03/Banner1_grupdegent-300x148.png 300w, https://setmananatura.cat/2018/wp-content/uploads/sites/3/2018/03/Banner1_grupdegent-768x380.png 768w" sizes="auto, (max-width: 787px) 100vw, 787px" /></p>
<ul>
<li>Banner 4. <a href="http://setmananatura.cat/2018/wp-content/uploads/sites/3/2018/03/Banner1_floreta.jpg">Descarrega</a>.</li>
</ul>
<p><img loading="lazy" decoding="async" class="alignnone size-full wp-image-122" src="http://setmananatura.cat/2018/wp-content/uploads/sites/3/2018/03/Banner1_floreta.jpg" alt="" width="787" height="389" srcset="https://setmananatura.cat/2018/wp-content/uploads/sites/3/2018/03/Banner1_floreta.jpg 787w, https://setmananatura.cat/2018/wp-content/uploads/sites/3/2018/03/Banner1_floreta-300x148.jpg 300w, https://setmananatura.cat/2018/wp-content/uploads/sites/3/2018/03/Banner1_floreta-768x380.jpg 768w" sizes="auto, (max-width: 787px) 100vw, 787px" /></p>

<p>A continuació trobareu alguns materials de comunicació que us poden ajudar amb la difusió de la Setmana de la Natura: Notes de premsa: Nota de premsa inici Setmana de la Natura 2018. Descarrega. Nota de premsa finalització Setmana de la Natura 2018. Descarrega. &nbsp; Materials gràfics: Flyer de la Setmana de la Natura 2018. Descarrega. [&hellip;]</p>
