{"id":93,"date":"2018-03-05T17:18:42","date_gmt":"2018-03-05T15:18:42","guid":{"rendered":"http:\/\/setmananatura.cat\/2018\/?page_id=93"},"modified":"2018-03-05T19:17:35","modified_gmt":"2018-03-05T17:17:35","slug":"qui-som","status":"publish","type":"page","link":"https:\/\/setmananatura.cat\/2018\/qui-som\/","title":{"rendered":"Qui som?"},"content":{"rendered":"<p>La Setmana de la Natura \u00e9s una iniciativa conjunta de la <a href=\"http:\/\/voluntariatambiental.cat\/\">Xarxa de Voluntariat Ambiental de Catalunya<\/a> (XVAC) i la <a href=\"http:\/\/xct.cat\/ca\">Xarxa de Cust\u00f2dia del Territori<\/a> (XCT). La XVAC i la XCT s\u00f3n dues xarxes d\u2019entitats sense \u00e0nim de lucre i de refer\u00e8ncia en el m\u00f3n de la conservaci\u00f3 de la natura i del voluntariat ambiental a Catalunya, i compten amb el suport del Departament de Territori i Sostenibilitat de la Generalitat de Catalunya i l\u2019Obra Social \u201cla Caixa\u201d.<\/p>\n<p>&nbsp;<\/p>\n<p>La <strong>Xarxa de Voluntariat Ambiental de Catalunya<\/strong> (XVAC) \u00e9s una organitzaci\u00f3 de segon nivell que aglutina organitzacions que realitzen programes i actuacions de voluntariat ambiental.<\/p>\n<p>Vol promoure i esdevenir una associaci\u00f3 operativa i de refer\u00e8ncia en <img loading=\"lazy\" decoding=\"async\" class=\"wp-image-110 alignright\" src=\"http:\/\/setmananatura.cat\/2018\/wp-content\/uploads\/sites\/3\/2018\/03\/xvac-1024x522.png\" alt=\"\" width=\"300\" height=\"153\" srcset=\"https:\/\/setmananatura.cat\/2018\/wp-content\/uploads\/sites\/3\/2018\/03\/xvac-1024x522.png 1024w, https:\/\/setmananatura.cat\/2018\/wp-content\/uploads\/sites\/3\/2018\/03\/xvac-300x153.png 300w, https:\/\/setmananatura.cat\/2018\/wp-content\/uploads\/sites\/3\/2018\/03\/xvac-768x392.png 768w, https:\/\/setmananatura.cat\/2018\/wp-content\/uploads\/sites\/3\/2018\/03\/xvac.png 1600w\" sizes=\"auto, (max-width: 300px) 100vw, 300px\" \/>aquest camp, tot incidint en el reconeixement social, en la recerca i en la formaci\u00f3. Aix\u00ed com afavorir el treball conjunt de les organitzacions, aconseguint una promoci\u00f3 i reconeixement de les tasques dutes a terme, donant suport als projectes que estan en funcionament, i trobant noves formes de cooperaci\u00f3 i treball en xarxa.<\/p>\n<p>La XVAC est\u00e0 formada per associacions catalanes que realitzen activitats de voluntariat ambiental o que estan relacionades amb la realitat d\u2019aquest, i que han fet la sol\u00b7licitud pertinent. Poden ser col\u00b7laboradors, i participar i cooperar amb la XVAC aquelles persones o organitzacions que tinguin un inter\u00e8s en el voluntariat ambiental i en les tasques que es porten a terme des de la XVAC.<\/p>\n<p>&nbsp;<\/p>\n<p>La <strong>Xarxa de Cust\u00f2dia del Territori<\/strong> (XCT) \u00e9s una organitzaci\u00f3 sense \u00e0nim de lucre constitu\u00efda per entitats, institucions i persones que volen impulsar el desenvolupament i l\u2019\u00fas de la cust\u00f2dia del territori al nostre pa\u00eds. La xct creu en la necessitat i en l\u2019oportunitat de capacitar la societat civil perqu\u00e8 pugui tenir un paper actiu i directe en la conservaci\u00f3 del territori.<\/p>\n<p>La xct est\u00e0 registrada a Catalunya i es va constituir el mar\u00e7 de 2003 a <img loading=\"lazy\" decoding=\"async\" class=\"alignright wp-image-114\" src=\"http:\/\/setmananatura.cat\/2018\/wp-content\/uploads\/sites\/3\/2018\/03\/logo.php_.jpg\" alt=\"\" width=\"300\" height=\"185\" srcset=\"https:\/\/setmananatura.cat\/2018\/wp-content\/uploads\/sites\/3\/2018\/03\/logo.php_.jpg 945w, https:\/\/setmananatura.cat\/2018\/wp-content\/uploads\/sites\/3\/2018\/03\/logo.php_-300x185.jpg 300w, https:\/\/setmananatura.cat\/2018\/wp-content\/uploads\/sites\/3\/2018\/03\/logo.php_-768x474.jpg 768w\" sizes=\"auto, (max-width: 300px) 100vw, 300px\" \/>Vic, on t\u00e9 la seu (consulteu els estatuts vigents de l&#8217;organitzaci\u00f3, tamb\u00e9 disponibles en castell\u00e0\u00a0i l&#8217;acta fundacional). A m\u00e9s, la xct \u00e9s una entitat Declarada d\u2019Utilitat P\u00fablica (ordre INT\/3558\/2006 del 26 d&#8217;octubre).<\/p>\n<p>Els membres de la XCT s\u00f3n entitats i institucions p\u00fabliques i privades de tota mena: associacions, fundacions, ajuntaments, consorcis, empreses, centre universitaris i de recerca&#8230;<\/p>\n","protected":false},"excerpt":{"rendered":"<p>La Setmana de la Natura \u00e9s una iniciativa conjunta de la Xarxa de Voluntariat Ambiental de Catalunya (XVAC) i la Xarxa de Cust\u00f2dia del Territori (XCT). La XVAC i la XCT s\u00f3n dues xarxes d\u2019entitats sense \u00e0nim de lucre i de refer\u00e8ncia en el m\u00f3n de la conservaci\u00f3 de la natura i del voluntariat ambiental [&hellip;]<\/p>\n","protected":false},"author":1,"featured_media":0,"parent":0,"menu_order":0,"comment_status":"closed","ping_status":"closed","template":"","meta":{"footnotes":""},"class_list":["post-93","page","type-page","status-publish","hentry"],"aioseo_notices":[],"_links":{"self":[{"href":"https:\/\/setmananatura.cat\/2018\/wp-json\/wp\/v2\/pages\/93","targetHints":{"allow":["GET"]}}],"collection":[{"href":"https:\/\/setmananatura.cat\/2018\/wp-json\/wp\/v2\/pages"}],"about":[{"href":"https:\/\/setmananatura.cat\/2018\/wp-json\/wp\/v2\/types\/page"}],"author":[{"embeddable":true,"href":"https:\/\/setmananatura.cat\/2018\/wp-json\/wp\/v2\/users\/1"}],"replies":[{"embeddable":true,"href":"https:\/\/setmananatura.cat\/2018\/wp-json\/wp\/v2\/comments?post=93"}],"version-history":[{"count":10,"href":"https:\/\/setmananatura.cat\/2018\/wp-json\/wp\/v2\/pages\/93\/revisions"}],"predecessor-version":[{"id":116,"href":"https:\/\/setmananatura.cat\/2018\/wp-json\/wp\/v2\/pages\/93\/revisions\/116"}],"wp:attachment":[{"href":"https:\/\/setmananatura.cat\/2018\/wp-json\/wp\/v2\/media?parent=93"}],"curies":[{"name":"wp","href":"https:\/\/api.w.org\/{rel}","templated":true}]}}

<p>La Setmana de la Natura és una iniciativa conjunta de la <a href="http://voluntariatambiental.cat/">Xarxa de Voluntariat Ambiental de Catalunya</a> (XVAC) i la <a href="http://xct.cat/ca">Xarxa de Custòdia del Territori</a> (XCT). La XVAC i la XCT són dues xarxes d’entitats sense ànim de lucre i de referència en el món de la conservació de la natura i del voluntariat ambiental a Catalunya, i compten amb el suport del Departament de Territori i Sostenibilitat de la Generalitat de Catalunya i l’Obra Social “la Caixa”.</p>
<p>&nbsp;</p>
<p>La <strong>Xarxa de Voluntariat Ambiental de Catalunya</strong> (XVAC) és una organització de segon nivell que aglutina organitzacions que realitzen programes i actuacions de voluntariat ambiental.</p>
<p>Vol promoure i esdevenir una associació operativa i de referència en <img loading="lazy" decoding="async" class="wp-image-110 alignright" src="http://setmananatura.cat/2018/wp-content/uploads/sites/3/2018/03/xvac-1024x522.png" alt="" width="300" height="153" srcset="https://setmananatura.cat/2018/wp-content/uploads/sites/3/2018/03/xvac-1024x522.png 1024w, https://setmananatura.cat/2018/wp-content/uploads/sites/3/2018/03/xvac-300x153.png 300w, https://setmananatura.cat/2018/wp-content/uploads/sites/3/2018/03/xvac-768x392.png 768w, https://setmananatura.cat/2018/wp-content/uploads/sites/3/2018/03/xvac.png 1600w" sizes="auto, (max-width: 300px) 100vw, 300px" />aquest camp, tot incidint en el reconeixement social, en la recerca i en la formació. Així com afavorir el treball conjunt de les organitzacions, aconseguint una promoció i reconeixement de les tasques dutes a terme, donant suport als projectes que estan en funcionament, i trobant noves formes de cooperació i treball en xarxa.</p>
<p>La XVAC està formada per associacions catalanes que realitzen activitats de voluntariat ambiental o que estan relacionades amb la realitat d’aquest, i que han fet la sol·licitud pertinent. Poden ser col·laboradors, i participar i cooperar amb la XVAC aquelles persones o organitzacions que tinguin un interès en el voluntariat ambiental i en les tasques que es porten a terme des de la XVAC.</p>
<p>&nbsp;</p>
<p>La <strong>Xarxa de Custòdia del Territori</strong> (XCT) és una organització sense ànim de lucre constituïda per entitats, institucions i persones que volen impulsar el desenvolupament i l’ús de la custòdia del territori al nostre país. La xct creu en la necessitat i en l’oportunitat de capacitar la societat civil perquè pugui tenir un paper actiu i directe en la conservació del territori.</p>
<p>La xct està registrada a Catalunya i es va constituir el març de 2003 a <img loading="lazy" decoding="async" class="alignright wp-image-114" src="http://setmananatura.cat/2018/wp-content/uploads/sites/3/2018/03/logo.php_.jpg" alt="" width="300" height="185" srcset="https://setmananatura.cat/2018/wp-content/uploads/sites/3/2018/03/logo.php_.jpg 945w, https://setmananatura.cat/2018/wp-content/uploads/sites/3/2018/03/logo.php_-300x185.jpg 300w, https://setmananatura.cat/2018/wp-content/uploads/sites/3/2018/03/logo.php_-768x474.jpg 768w" sizes="auto, (max-width: 300px) 100vw, 300px" />Vic, on té la seu (consulteu els estatuts vigents de l&#8217;organització, també disponibles en castellà i l&#8217;acta fundacional). A més, la xct és una entitat Declarada d’Utilitat Pública (ordre INT/3558/2006 del 26 d&#8217;octubre).</p>
<p>Els membres de la XCT són entitats i institucions públiques i privades de tota mena: associacions, fundacions, ajuntaments, consorcis, empreses, centre universitaris i de recerca&#8230;</p>

<p>La Setmana de la Natura és una iniciativa conjunta de la Xarxa de Voluntariat Ambiental de Catalunya (XVAC) i la Xarxa de Custòdia del Territori (XCT). La XVAC i la XCT són dues xarxes d’entitats sense ànim de lucre i de referència en el món de la conservació de la natura i del voluntariat ambiental [&hellip;]</p>
