{"id":1666,"slug":"el-jardi-romantic-i-lantiga-estacio-meteorologica-del-parc-de-can-solei-i-de-ca-larnus","type":"sn_event","link":"https:\/\/setmananatura.cat\/2017\/blog\/activitat\/el-jardi-romantic-i-lantiga-estacio-meteorologica-del-parc-de-can-solei-i-de-ca-larnus\/","title":{"rendered":"El jard\u00ed rom\u00e0ntic i l&#8217;antiga estaci\u00f3 meteorol\u00f2gica del parc de Can Solei i de Ca l&#8217;Arn\u00fas"},"featured_media":1667,"template":"","categories":[173],"tags":[],"organitzador":[347],"comarca":[83],"tipus":[22],"public":[26],"class_list":["post-1666","sn_event","type-sn_event","status-publish","has-post-thumbnail","hentry","category-sortides-i-visites-guiades","organitzador-area-metropolitana-de-barcelona","comarca-barcelones","tipus-sortida","public-adults"],"aioseo_notices":[],"location":{"latitude":"41.457908","longitude":"2.254527899999971"},"inici":"1496516400","final":"1496521800","image":"https:\/\/setmananatura.cat\/2017\/wp-content\/uploads\/sites\/4\/uuid.47f9a7e6-ba22-4e04-a7ff-d8df06fd966f-ar.4x3-300x225.jpg","lloc_poblacio":"Badalona","teaser":"\n\n  <p class=\"resultats_una_activitat_foto\">\n    <a href=\"https:\/\/setmananatura.cat\/2017\/blog\/activitat\/el-jardi-romantic-i-lantiga-estacio-meteorologica-del-parc-de-can-solei-i-de-ca-larnus\/\">\n\n<img lazy-img=\"https:\/\/setmananatura.cat\/2017\/wp-content\/uploads\/sites\/4\/uuid.47f9a7e6-ba22-4e04-a7ff-d8df06fd966f-ar.4x3-557x390.jpg\"\/><\/a><\/p>\n  <div class=\"resultats_una_activitat_info\">\n  <div class=\"una_activitat_totes_categories\">\n    <div bind-unsafe-html=\"a.cats\">\n\t  <ul class=\"una_activitat_categories una_activitat_tipus\">\n              <li class=\"sortida\"><a href=\"https:\/\/setmananatura.cat\/2017\/blog\/tipus\/sortida\/\">Sortida\/visita guiada<\/a>\n    <p class=\"desc hidden\">Sortida\/visita guiada<\/p>\n        <\/li>\n          <\/ul>\n    <\/div>\n      <ul class=\"una_activitat_categories una_activitat_public\">\n          <li class=\"adults\"><a href=\"https:\/\/setmananatura.cat\/2017\/blog\/public\/adults\/\">Adult<\/a>\n<p class=\"desc hidden\">Adult<\/p>\n<\/li>\n          <\/ul>\n\n  <\/div>\n  <h2><a href=\"https:\/\/setmananatura.cat\/2017\/blog\/activitat\/el-jardi-romantic-i-lantiga-estacio-meteorologica-del-parc-de-can-solei-i-de-ca-larnus\/\">El jard\u00ed rom\u00e0ntic i l&#8217;antiga estaci\u00f3 meteorol\u00f2gica del parc de Can Solei i de Ca l&#8217;Arn\u00fas<\/a><\/h2>\n  <p class=\"una_activitat_data\"> dissabte  3 de juny<\/p>\n  <div class=\"una_activitat_lloc\"><p class='lloc_poblacio'>Badalona<\/p><\/div>\n   <\/div>\n   <div class='old'>Activitat passada<\/div>  <\/div>\n","taula":"<td><div class='old'>Activitat passada<\/div><a href=\"https:\/\/setmananatura.cat\/2017\/blog\/activitat\/el-jardi-romantic-i-lantiga-estacio-meteorologica-del-parc-de-can-solei-i-de-ca-larnus\/\">El jard\u00ed rom\u00e0ntic i l&#8217;antiga estaci\u00f3 meteorol\u00f2gica del parc de Can Solei i de Ca l&#8217;Arn\u00fas<\/a>\n   <\/td>\n<td><p class='lloc_poblacio'>Badalona<\/p><\/td>\n<td>  <ul class=\"una_activitat_categories una_activitat_tipus\">\n              <li class=\"sortida\"><a href=\"https:\/\/setmananatura.cat\/2017\/blog\/tipus\/sortida\/\">Sortida\/visita guiada<\/a>\n    <p class=\"desc hidden\">Sortida\/visita guiada<\/p>\n        <\/li>\n          <\/ul>\n<\/td>\n<td>  <ul class=\"una_activitat_categories una_activitat_public\">\n          <li class=\"adults\"><a href=\"https:\/\/setmananatura.cat\/2017\/blog\/public\/adults\/\">Adult<\/a>\n<p class=\"desc hidden\">Adult<\/p>\n<\/li>\n          <\/ul>\n<\/td>\n<td>dissabte  3 de juny<\/td>\n","loc":"Badalona","_links":{"self":[{"href":"https:\/\/setmananatura.cat\/2017\/wp-json\/wp\/v2\/sn_event\/1666","targetHints":{"allow":["GET"]}}],"collection":[{"href":"https:\/\/setmananatura.cat\/2017\/wp-json\/wp\/v2\/sn_event"}],"about":[{"href":"https:\/\/setmananatura.cat\/2017\/wp-json\/wp\/v2\/types\/sn_event"}],"wp:featuredmedia":[{"embeddable":true,"href":"https:\/\/setmananatura.cat\/2017\/wp-json\/wp\/v2\/media\/1667"}],"wp:attachment":[{"href":"https:\/\/setmananatura.cat\/2017\/wp-json\/wp\/v2\/media?parent=1666"}],"wp:term":[{"taxonomy":"category","embeddable":true,"href":"https:\/\/setmananatura.cat\/2017\/wp-json\/wp\/v2\/categories?post=1666"},{"taxonomy":"post_tag","embeddable":true,"href":"https:\/\/setmananatura.cat\/2017\/wp-json\/wp\/v2\/tags?post=1666"},{"taxonomy":"organitzador","embeddable":true,"href":"https:\/\/setmananatura.cat\/2017\/wp-json\/wp\/v2\/organitzador?post=1666"},{"taxonomy":"comarca","embeddable":true,"href":"https:\/\/setmananatura.cat\/2017\/wp-json\/wp\/v2\/comarca?post=1666"},{"taxonomy":"tipus","embeddable":true,"href":"https:\/\/setmananatura.cat\/2017\/wp-json\/wp\/v2\/tipus?post=1666"},{"taxonomy":"public","embeddable":true,"href":"https:\/\/setmananatura.cat\/2017\/wp-json\/wp\/v2\/public?post=1666"}],"curies":[{"name":"wp","href":"https:\/\/api.w.org\/{rel}","templated":true}]}}

El jardí romàntic i l&#8217;antiga estació meteorològica del parc de Can Solei i de Ca l&#8217;Arnús

<p class="resultats_una_activitat_foto">
    <a href="https://setmananatura.cat/2017/blog/activitat/el-jardi-romantic-i-lantiga-estacio-meteorologica-del-parc-de-can-solei-i-de-ca-larnus/">

<img lazy-img="https://setmananatura.cat/2017/wp-content/uploads/sites/4/uuid.47f9a7e6-ba22-4e04-a7ff-d8df06fd966f-ar.4x3-557x390.jpg"/></a></p>
  <div class="resultats_una_activitat_info">
  <div class="una_activitat_totes_categories">
    <div bind-unsafe-html="a.cats">
	  <ul class="una_activitat_categories una_activitat_tipus">
              <li class="sortida"><a href="https://setmananatura.cat/2017/blog/tipus/sortida/">Sortida/visita guiada</a>
    <p class="desc hidden">Sortida/visita guiada</p>
        </li>
          </ul>
    </div>
      <ul class="una_activitat_categories una_activitat_public">
          <li class="adults"><a href="https://setmananatura.cat/2017/blog/public/adults/">Adult</a>
<p class="desc hidden">Adult</p>
</li>
          </ul>

  </div>
  <h2><a href="https://setmananatura.cat/2017/blog/activitat/el-jardi-romantic-i-lantiga-estacio-meteorologica-del-parc-de-can-solei-i-de-ca-larnus/">El jardí romàntic i l&#8217;antiga estació meteorològica del parc de Can Solei i de Ca l&#8217;Arnús</a></h2>
  <p class="una_activitat_data"> dissabte  3 de juny</p>
  <div class="una_activitat_lloc"><p class='lloc_poblacio'>Badalona</p></div>
   </div>
   <div class='old'>Activitat passada</div>  </div>

<td><div class='old'>Activitat passada</div><a href="https://setmananatura.cat/2017/blog/activitat/el-jardi-romantic-i-lantiga-estacio-meteorologica-del-parc-de-can-solei-i-de-ca-larnus/">El jardí romàntic i l&#8217;antiga estació meteorològica del parc de Can Solei i de Ca l&#8217;Arnús</a>
   </td>
<td><p class='lloc_poblacio'>Badalona</p></td>
<td>  <ul class="una_activitat_categories una_activitat_tipus">
              <li class="sortida"><a href="https://setmananatura.cat/2017/blog/tipus/sortida/">Sortida/visita guiada</a>
    <p class="desc hidden">Sortida/visita guiada</p>
        </li>
          </ul>
</td>
<td>  <ul class="una_activitat_categories una_activitat_public">
          <li class="adults"><a href="https://setmananatura.cat/2017/blog/public/adults/">Adult</a>
<p class="desc hidden">Adult</p>
</li>
          </ul>
</td>
<td>dissabte  3 de juny</td>
