{"id":1571,"slug":"inauguracio-forum-ambiental-el-canvi-climatic-del-planeta-a-catalunya","type":"sn_event","link":"https:\/\/setmananatura.cat\/2017\/blog\/activitat\/inauguracio-forum-ambiental-el-canvi-climatic-del-planeta-a-catalunya\/","title":{"rendered":"Inauguraci\u00f3 F\u00f2rum Ambiental. &#8220;El canvi clim\u00e0tic: del planeta a Catalunya&#8221;"},"featured_media":1572,"template":"","categories":[299],"tags":[],"organitzador":[143],"comarca":[95],"tipus":[67],"public":[26,69],"class_list":["post-1571","sn_event","type-sn_event","status-publish","has-post-thumbnail","hentry","category-xerrades-i-presentacions","organitzador-ajuntament-de-vic","comarca-osona","tipus-altres","public-adults","public-especialitzat"],"aioseo_notices":[],"location":{"latitude":"41.92980800000001","longitude":"2.255082600000037"},"inici":"1496775600","final":"1496781000","image":"https:\/\/setmananatura.cat\/2017\/wp-content\/uploads\/sites\/4\/Vic-ciutat-a-mesura-humana-300x41.png","lloc_poblacio":"Vic","teaser":"\n\n  <p class=\"resultats_una_activitat_foto\">\n    <a href=\"https:\/\/setmananatura.cat\/2017\/blog\/activitat\/inauguracio-forum-ambiental-el-canvi-climatic-del-planeta-a-catalunya\/\">\n\n<img lazy-img=\"https:\/\/setmananatura.cat\/2017\/wp-content\/uploads\/sites\/4\/Vic-ciutat-a-mesura-humana.png\"\/><\/a><\/p>\n  <div class=\"resultats_una_activitat_info\">\n  <div class=\"una_activitat_totes_categories\">\n    <div bind-unsafe-html=\"a.cats\">\n\t  <ul class=\"una_activitat_categories una_activitat_tipus\">\n              <li class=\"altres\"><a href=\"https:\/\/setmananatura.cat\/2017\/blog\/tipus\/altres\/\">Altres<\/a>\n    <p class=\"desc hidden\">Altres<\/p>\n        <\/li>\n          <\/ul>\n    <\/div>\n      <ul class=\"una_activitat_categories una_activitat_public\">\n          <li class=\"adults\"><a href=\"https:\/\/setmananatura.cat\/2017\/blog\/public\/adults\/\">Adult<\/a>\n<p class=\"desc hidden\">Adult<\/p>\n<\/li>\n            <li class=\"especialitzat\"><a href=\"https:\/\/setmananatura.cat\/2017\/blog\/public\/especialitzat\/\">Especialitzat<\/a>\n<p class=\"desc hidden\">Especialitzat<\/p>\n<\/li>\n          <\/ul>\n\n  <\/div>\n  <h2><a href=\"https:\/\/setmananatura.cat\/2017\/blog\/activitat\/inauguracio-forum-ambiental-el-canvi-climatic-del-planeta-a-catalunya\/\">Inauguraci\u00f3 F\u00f2rum Ambiental. &#8220;El canvi clim\u00e0tic: del planeta a Catalunya&#8221;<\/a><\/h2>\n  <p class=\"una_activitat_data\"> dimarts  6 de juny<\/p>\n  <div class=\"una_activitat_lloc\"><p class='lloc_poblacio'>Vic<\/p><\/div>\n   <\/div>\n   <div class='old'>Activitat passada<\/div>  <\/div>\n","taula":"<td><div class='old'>Activitat passada<\/div><a href=\"https:\/\/setmananatura.cat\/2017\/blog\/activitat\/inauguracio-forum-ambiental-el-canvi-climatic-del-planeta-a-catalunya\/\">Inauguraci\u00f3 F\u00f2rum Ambiental. &#8220;El canvi clim\u00e0tic: del planeta a Catalunya&#8221;<\/a>\n   <\/td>\n<td><p class='lloc_poblacio'>Vic<\/p><\/td>\n<td>  <ul class=\"una_activitat_categories una_activitat_tipus\">\n              <li class=\"altres\"><a href=\"https:\/\/setmananatura.cat\/2017\/blog\/tipus\/altres\/\">Altres<\/a>\n    <p class=\"desc hidden\">Altres<\/p>\n        <\/li>\n          <\/ul>\n<\/td>\n<td>  <ul class=\"una_activitat_categories una_activitat_public\">\n          <li class=\"adults\"><a href=\"https:\/\/setmananatura.cat\/2017\/blog\/public\/adults\/\">Adult<\/a>\n<p class=\"desc hidden\">Adult<\/p>\n<\/li>\n            <li class=\"especialitzat\"><a href=\"https:\/\/setmananatura.cat\/2017\/blog\/public\/especialitzat\/\">Especialitzat<\/a>\n<p class=\"desc hidden\">Especialitzat<\/p>\n<\/li>\n          <\/ul>\n<\/td>\n<td>dimarts  6 de juny<\/td>\n","loc":"Vic","_links":{"self":[{"href":"https:\/\/setmananatura.cat\/2017\/wp-json\/wp\/v2\/sn_event\/1571","targetHints":{"allow":["GET"]}}],"collection":[{"href":"https:\/\/setmananatura.cat\/2017\/wp-json\/wp\/v2\/sn_event"}],"about":[{"href":"https:\/\/setmananatura.cat\/2017\/wp-json\/wp\/v2\/types\/sn_event"}],"wp:featuredmedia":[{"embeddable":true,"href":"https:\/\/setmananatura.cat\/2017\/wp-json\/wp\/v2\/media\/1572"}],"wp:attachment":[{"href":"https:\/\/setmananatura.cat\/2017\/wp-json\/wp\/v2\/media?parent=1571"}],"wp:term":[{"taxonomy":"category","embeddable":true,"href":"https:\/\/setmananatura.cat\/2017\/wp-json\/wp\/v2\/categories?post=1571"},{"taxonomy":"post_tag","embeddable":true,"href":"https:\/\/setmananatura.cat\/2017\/wp-json\/wp\/v2\/tags?post=1571"},{"taxonomy":"organitzador","embeddable":true,"href":"https:\/\/setmananatura.cat\/2017\/wp-json\/wp\/v2\/organitzador?post=1571"},{"taxonomy":"comarca","embeddable":true,"href":"https:\/\/setmananatura.cat\/2017\/wp-json\/wp\/v2\/comarca?post=1571"},{"taxonomy":"tipus","embeddable":true,"href":"https:\/\/setmananatura.cat\/2017\/wp-json\/wp\/v2\/tipus?post=1571"},{"taxonomy":"public","embeddable":true,"href":"https:\/\/setmananatura.cat\/2017\/wp-json\/wp\/v2\/public?post=1571"}],"curies":[{"name":"wp","href":"https:\/\/api.w.org\/{rel}","templated":true}]}}

Inauguració Fòrum Ambiental. &#8220;El canvi climàtic: del planeta a Catalunya&#8221;

<p class="resultats_una_activitat_foto">
    <a href="https://setmananatura.cat/2017/blog/activitat/inauguracio-forum-ambiental-el-canvi-climatic-del-planeta-a-catalunya/">

<img lazy-img="https://setmananatura.cat/2017/wp-content/uploads/sites/4/Vic-ciutat-a-mesura-humana.png"/></a></p>
  <div class="resultats_una_activitat_info">
  <div class="una_activitat_totes_categories">
    <div bind-unsafe-html="a.cats">
	  <ul class="una_activitat_categories una_activitat_tipus">
              <li class="altres"><a href="https://setmananatura.cat/2017/blog/tipus/altres/">Altres</a>
    <p class="desc hidden">Altres</p>
        </li>
          </ul>
    </div>
      <ul class="una_activitat_categories una_activitat_public">
          <li class="adults"><a href="https://setmananatura.cat/2017/blog/public/adults/">Adult</a>
<p class="desc hidden">Adult</p>
</li>
            <li class="especialitzat"><a href="https://setmananatura.cat/2017/blog/public/especialitzat/">Especialitzat</a>
<p class="desc hidden">Especialitzat</p>
</li>
          </ul>

  </div>
  <h2><a href="https://setmananatura.cat/2017/blog/activitat/inauguracio-forum-ambiental-el-canvi-climatic-del-planeta-a-catalunya/">Inauguració Fòrum Ambiental. &#8220;El canvi climàtic: del planeta a Catalunya&#8221;</a></h2>
  <p class="una_activitat_data"> dimarts  6 de juny</p>
  <div class="una_activitat_lloc"><p class='lloc_poblacio'>Vic</p></div>
   </div>
   <div class='old'>Activitat passada</div>  </div>

<td><div class='old'>Activitat passada</div><a href="https://setmananatura.cat/2017/blog/activitat/inauguracio-forum-ambiental-el-canvi-climatic-del-planeta-a-catalunya/">Inauguració Fòrum Ambiental. &#8220;El canvi climàtic: del planeta a Catalunya&#8221;</a>
   </td>
<td><p class='lloc_poblacio'>Vic</p></td>
<td>  <ul class="una_activitat_categories una_activitat_tipus">
              <li class="altres"><a href="https://setmananatura.cat/2017/blog/tipus/altres/">Altres</a>
    <p class="desc hidden">Altres</p>
        </li>
          </ul>
</td>
<td>  <ul class="una_activitat_categories una_activitat_public">
          <li class="adults"><a href="https://setmananatura.cat/2017/blog/public/adults/">Adult</a>
<p class="desc hidden">Adult</p>
</li>
            <li class="especialitzat"><a href="https://setmananatura.cat/2017/blog/public/especialitzat/">Especialitzat</a>
<p class="desc hidden">Especialitzat</p>
</li>
          </ul>
</td>
<td>dimarts  6 de juny</td>
