{"id":298,"date":"2017-03-20T18:06:06","date_gmt":"2017-03-20T17:06:06","guid":{"rendered":"http:\/\/setmananatura.cat\/sn2017\/?page_id=298"},"modified":"2017-06-12T15:34:42","modified_gmt":"2017-06-12T14:34:42","slug":"materials-de-comunicacio","status":"publish","type":"page","link":"https:\/\/setmananatura.cat\/2017\/materials-de-comunicacio\/","title":{"rendered":"Materials de comunicaci\u00f3"},"content":{"rendered":"<p>A continuaci\u00f3 trobareu alguns materials de comunicaci\u00f3 que us poden ajudar amb la difusi\u00f3 de la Setmana de la Natura:<\/p>\n<ul>\n<li>Nota de Premsa (12 de juny de 2017). <a href=\"http:\/\/setmananatura.cat\/wp-content\/uploads\/sites\/4\/170612_NdP_Setmananatura_DEF.pdf\" target=\"_blank\" rel=\"noopener noreferrer\">Descarrega<\/a>. Descarrega <a href=\"http:\/\/setmananatura.cat\/wp-content\/uploads\/sites\/4\/170612_imatges_x_NdP_ZIP.zip\" target=\"_blank\" rel=\"noopener noreferrer\">imatges de refor\u00e7<\/a><\/li>\n<li>Nota de Premsa (1 de juny de 2017). <a href=\"http:\/\/setmananatura.cat\/wp-content\/uploads\/sites\/4\/170601-NdPSetmanaNatura-DEF.pdf\" target=\"_blank\" rel=\"noopener noreferrer\">Descarrega<\/a>.<\/li>\n<li>P\u00f2ster de la Setmana de la Natura 2017. <a href=\"http:\/\/setmananatura.cat\/wp-content\/uploads\/sites\/4\/Poster-SN17-def2-01.png\" target=\"_blank\" rel=\"noopener noreferrer\">Descarrega<\/a>.<\/li>\n<li>P\u00f2ster personalitzable per a les vostres activitats: <a href=\"http:\/\/setmananatura.cat\/wp-content\/uploads\/sites\/4\/Poster-Plantilla-SN-Indesign-ZIP.zip\" target=\"_blank\" rel=\"noopener noreferrer\">P\u00f2ster personalitzable en Indesign (ZIP)<\/a>, <a href=\"http:\/\/setmananatura.cat\/wp-content\/uploads\/sites\/4\/Poster-plantilla-SN.pdf\" target=\"_blank\" rel=\"noopener noreferrer\">P\u00f2ster personalitzable en PDF<\/a>, <a href=\"http:\/\/setmananatura.cat\/wp-content\/uploads\/sites\/4\/Poster-plantilla-SN-Word-ZIP.zip\">Poster personalitzable en Word (ZIP) <\/a><\/li>\n<li>Logotip de la SN&#8217;17. <a href=\"http:\/\/setmananatura.cat\/wp-content\/uploads\/sites\/4\/logo_setmana_natura_dates.png\" target=\"_blank\" rel=\"noopener noreferrer\">Descarrega<\/a>.<\/li>\n<li>Banner 1. <a href=\"http:\/\/setmananatura.cat\/wp-content\/uploads\/sites\/4\/Banner-1.png\">Descarrega<\/a>.<\/li>\n<li>Banner 2. <a href=\"http:\/\/setmananatura.cat\/wp-content\/uploads\/sites\/4\/Banner-2.png\" target=\"_blank\" rel=\"noopener noreferrer\">Descarrega<\/a>.<\/li>\n<li>Banner 3. <a href=\"http:\/\/setmananatura.cat\/wp-content\/uploads\/sites\/4\/Banner-3.png\" target=\"_blank\" rel=\"noopener noreferrer\">Descarrega<\/a>.<\/li>\n<li>Banner 4. <a href=\"http:\/\/setmananatura.cat\/wp-content\/uploads\/sites\/4\/Banner-4.png\" target=\"_blank\" rel=\"noopener noreferrer\">Descarrega<\/a>.<\/li>\n<\/ul>\n","protected":false},"excerpt":{"rendered":"<p>A continuaci\u00f3 trobareu alguns materials de comunicaci\u00f3 que us poden ajudar amb la difusi\u00f3 de la Setmana de la Natura: Nota de Premsa (12 de juny de 2017). Descarrega. Descarrega imatges de refor\u00e7 Nota de Premsa (1 de juny de 2017). Descarrega. P\u00f2ster de la Setmana de la Natura 2017. Descarrega. P\u00f2ster personalitzable per a [&hellip;]<\/p>\n","protected":false},"author":1,"featured_media":0,"parent":0,"menu_order":0,"comment_status":"closed","ping_status":"closed","template":"","meta":{"footnotes":""},"class_list":["post-298","page","type-page","status-publish","hentry"],"aioseo_notices":[],"_links":{"self":[{"href":"https:\/\/setmananatura.cat\/2017\/wp-json\/wp\/v2\/pages\/298","targetHints":{"allow":["GET"]}}],"collection":[{"href":"https:\/\/setmananatura.cat\/2017\/wp-json\/wp\/v2\/pages"}],"about":[{"href":"https:\/\/setmananatura.cat\/2017\/wp-json\/wp\/v2\/types\/page"}],"author":[{"embeddable":true,"href":"https:\/\/setmananatura.cat\/2017\/wp-json\/wp\/v2\/users\/1"}],"replies":[{"embeddable":true,"href":"https:\/\/setmananatura.cat\/2017\/wp-json\/wp\/v2\/comments?post=298"}],"version-history":[{"count":11,"href":"https:\/\/setmananatura.cat\/2017\/wp-json\/wp\/v2\/pages\/298\/revisions"}],"predecessor-version":[{"id":1889,"href":"https:\/\/setmananatura.cat\/2017\/wp-json\/wp\/v2\/pages\/298\/revisions\/1889"}],"wp:attachment":[{"href":"https:\/\/setmananatura.cat\/2017\/wp-json\/wp\/v2\/media?parent=298"}],"curies":[{"name":"wp","href":"https:\/\/api.w.org\/{rel}","templated":true}]}}